{"id":9755,"date":"2023-01-11T22:52:59","date_gmt":"2023-01-11T22:52:59","guid":{"rendered":"https:\/\/lamascoteriaonline.co\/shop\/?post_type=product&#038;p=9755"},"modified":"2024-01-21T14:31:38","modified_gmt":"2024-01-21T14:31:38","slug":"pro-plan-nf-272-kg","status":"publish","type":"product","link":"https:\/\/lamascoteriaonline.co\/shop\/product\/pro-plan-nf-272-kg\/","title":{"rendered":"Pro Plan NF 2,72 kg"},"content":{"rendered":"<div class=\"text\">\n<div class=\"sectionMarquee-label\">\n<h3>F\u00f3rmula indicada para ayudar a perros adultos con enfermedad renal.<\/h3>\n<p>Este alimento tambi\u00e9n puede indicarse como auxiliar al tratamiento de urolitiasis por oxalato de calcio y en la encefalopat\u00eda hep\u00e1tica.<\/p>\n<p><em>Dieta cl\u00ednica para ayudar a controlar la insuficiencia renal cr\u00f3nica y sus complicaciones en perros adultos de edad avanzada.<\/em><\/p>\n<\/div>\n<\/div>\n","protected":false},"excerpt":{"rendered":"<p>F\u00f3rmula indicada para ayudar a perros adultos con enfermedad renal. Este alimento tambi\u00e9n puede indicarse como auxiliar al tratamiento de urolitiasis por oxalato de calcio y en la encefalopat\u00eda hep\u00e1tica. Dieta cl\u00ednica para ayudar a controlar la insuficiencia renal cr\u00f3nica y sus complicaciones en perros adultos de edad avanzada.<\/p>\n","protected":false},"featured_media":9756,"comment_status":"open","ping_status":"closed","template":"","meta":{"_et_pb_use_builder":"","_et_pb_old_content":"","_et_gb_content_width":"","_joinchat":[]},"product_brand":[],"product_cat":[16],"product_tag":[],"class_list":{"0":"post-9755","1":"product","2":"type-product","3":"status-publish","4":"has-post-thumbnail","6":"product_cat-proplan-perros","8":"first","9":"instock","10":"shipping-taxable","11":"purchasable","12":"product-type-simple"},"_links":{"self":[{"href":"https:\/\/lamascoteriaonline.co\/shop\/wp-json\/wp\/v2\/product\/9755","targetHints":{"allow":["GET"]}}],"collection":[{"href":"https:\/\/lamascoteriaonline.co\/shop\/wp-json\/wp\/v2\/product"}],"about":[{"href":"https:\/\/lamascoteriaonline.co\/shop\/wp-json\/wp\/v2\/types\/product"}],"replies":[{"embeddable":true,"href":"https:\/\/lamascoteriaonline.co\/shop\/wp-json\/wp\/v2\/comments?post=9755"}],"wp:featuredmedia":[{"embeddable":true,"href":"https:\/\/lamascoteriaonline.co\/shop\/wp-json\/wp\/v2\/media\/9756"}],"wp:attachment":[{"href":"https:\/\/lamascoteriaonline.co\/shop\/wp-json\/wp\/v2\/media?parent=9755"}],"wp:term":[{"taxonomy":"product_brand","embeddable":true,"href":"https:\/\/lamascoteriaonline.co\/shop\/wp-json\/wp\/v2\/product_brand?post=9755"},{"taxonomy":"product_cat","embeddable":true,"href":"https:\/\/lamascoteriaonline.co\/shop\/wp-json\/wp\/v2\/product_cat?post=9755"},{"taxonomy":"product_tag","embeddable":true,"href":"https:\/\/lamascoteriaonline.co\/shop\/wp-json\/wp\/v2\/product_tag?post=9755"}],"curies":[{"name":"wp","href":"https:\/\/api.w.org\/{rel}","templated":true}]}}