{"id":9069,"date":"2022-06-28T16:06:02","date_gmt":"2022-06-28T16:06:02","guid":{"rendered":"https:\/\/lamascoteriaonline.co\/shop\/?post_type=product&#038;p=9069"},"modified":"2023-05-18T17:28:36","modified_gmt":"2023-05-18T17:28:36","slug":"agility-gold-grandes-adultos","status":"publish","type":"product","link":"https:\/\/lamascoteriaonline.co\/shop\/product\/agility-gold-grandes-adultos\/","title":{"rendered":"Agility Gold Grandes Adultos"},"content":{"rendered":"<p>Los amino\u00e1cidos esenciales que posee la f\u00f3rmula incrementan la correcta pigmentaci\u00f3n del pelo, as\u00ed mismo la proporci\u00f3n adecuada de \u00e1cidos grasos esenciales (omega 3 y 6) generan una humectaci\u00f3n adecuada de la piel y un brillo especial al pelaje.<\/p>\n","protected":false},"excerpt":{"rendered":"<p>Los amino\u00e1cidos esenciales que posee la f\u00f3rmula incrementan la correcta pigmentaci\u00f3n del pelo, as\u00ed mismo la proporci\u00f3n adecuada de \u00e1cidos grasos esenciales (omega 3 y 6) generan una humectaci\u00f3n adecuada de la piel y un brillo especial al pelaje.<\/p>\n","protected":false},"featured_media":9072,"comment_status":"open","ping_status":"closed","template":"","meta":{"_et_pb_use_builder":"","_et_pb_old_content":"","_et_gb_content_width":"","_joinchat":[]},"product_brand":[],"product_cat":[144],"product_tag":[],"class_list":{"0":"post-9069","1":"product","2":"type-product","3":"status-publish","4":"has-post-thumbnail","6":"product_cat-agility-perros","8":"first","9":"instock","10":"shipping-taxable","11":"purchasable","12":"product-type-variable"},"_links":{"self":[{"href":"https:\/\/lamascoteriaonline.co\/shop\/wp-json\/wp\/v2\/product\/9069","targetHints":{"allow":["GET"]}}],"collection":[{"href":"https:\/\/lamascoteriaonline.co\/shop\/wp-json\/wp\/v2\/product"}],"about":[{"href":"https:\/\/lamascoteriaonline.co\/shop\/wp-json\/wp\/v2\/types\/product"}],"replies":[{"embeddable":true,"href":"https:\/\/lamascoteriaonline.co\/shop\/wp-json\/wp\/v2\/comments?post=9069"}],"wp:featuredmedia":[{"embeddable":true,"href":"https:\/\/lamascoteriaonline.co\/shop\/wp-json\/wp\/v2\/media\/9072"}],"wp:attachment":[{"href":"https:\/\/lamascoteriaonline.co\/shop\/wp-json\/wp\/v2\/media?parent=9069"}],"wp:term":[{"taxonomy":"product_brand","embeddable":true,"href":"https:\/\/lamascoteriaonline.co\/shop\/wp-json\/wp\/v2\/product_brand?post=9069"},{"taxonomy":"product_cat","embeddable":true,"href":"https:\/\/lamascoteriaonline.co\/shop\/wp-json\/wp\/v2\/product_cat?post=9069"},{"taxonomy":"product_tag","embeddable":true,"href":"https:\/\/lamascoteriaonline.co\/shop\/wp-json\/wp\/v2\/product_tag?post=9069"}],"curies":[{"name":"wp","href":"https:\/\/api.w.org\/{rel}","templated":true}]}}