{"id":8250,"date":"2022-04-07T19:49:34","date_gmt":"2022-04-07T19:49:34","guid":{"rendered":"https:\/\/lamascoteriaonline.co\/shop\/?post_type=product&#038;p=8250"},"modified":"2024-06-03T12:27:14","modified_gmt":"2024-06-03T12:27:14","slug":"ppvd-en-canino","status":"publish","type":"product","link":"https:\/\/lamascoteriaonline.co\/shop\/product\/ppvd-en-canino\/","title":{"rendered":"PPVD EN Canino"},"content":{"rendered":"<h6 id=\"tw-target-text\" class=\"tw-data-text tw-text-large tw-ta\" dir=\"ltr\" data-placeholder=\"Traducci\u00f3n\"><span class=\"Y2IQFc\" lang=\"es\">Purina Pro Plan Veterinary Diets ES Las f\u00f3rmulas caninas gastroent\u00e9ricas bajas en grasa son f\u00e1ciles de digerir y est\u00e1n hechas con ingredientes de alta calidad, incluida una fibra prebi\u00f3tica para ayudar a promover la salud digestiva.<\/span><\/h6>\n","protected":false},"excerpt":{"rendered":"<p>Purina Pro Plan Veterinary Diets ES Las f\u00f3rmulas caninas gastroent\u00e9ricas bajas en grasa son f\u00e1ciles de digerir y est\u00e1n hechas con ingredientes de alta calidad, incluida una fibra prebi\u00f3tica para ayudar a promover la salud digestiva.<\/p>\n","protected":false},"featured_media":8319,"comment_status":"open","ping_status":"closed","template":"","meta":{"_et_pb_use_builder":"","_et_pb_old_content":"","_et_gb_content_width":"","_joinchat":[]},"product_brand":[],"product_cat":[108],"product_tag":[],"class_list":{"0":"post-8250","1":"product","2":"type-product","3":"status-publish","4":"has-post-thumbnail","6":"product_cat-proplan-humedo-perro","8":"first","9":"instock","10":"shipping-taxable","11":"purchasable","12":"product-type-simple"},"_links":{"self":[{"href":"https:\/\/lamascoteriaonline.co\/shop\/wp-json\/wp\/v2\/product\/8250","targetHints":{"allow":["GET"]}}],"collection":[{"href":"https:\/\/lamascoteriaonline.co\/shop\/wp-json\/wp\/v2\/product"}],"about":[{"href":"https:\/\/lamascoteriaonline.co\/shop\/wp-json\/wp\/v2\/types\/product"}],"replies":[{"embeddable":true,"href":"https:\/\/lamascoteriaonline.co\/shop\/wp-json\/wp\/v2\/comments?post=8250"}],"wp:featuredmedia":[{"embeddable":true,"href":"https:\/\/lamascoteriaonline.co\/shop\/wp-json\/wp\/v2\/media\/8319"}],"wp:attachment":[{"href":"https:\/\/lamascoteriaonline.co\/shop\/wp-json\/wp\/v2\/media?parent=8250"}],"wp:term":[{"taxonomy":"product_brand","embeddable":true,"href":"https:\/\/lamascoteriaonline.co\/shop\/wp-json\/wp\/v2\/product_brand?post=8250"},{"taxonomy":"product_cat","embeddable":true,"href":"https:\/\/lamascoteriaonline.co\/shop\/wp-json\/wp\/v2\/product_cat?post=8250"},{"taxonomy":"product_tag","embeddable":true,"href":"https:\/\/lamascoteriaonline.co\/shop\/wp-json\/wp\/v2\/product_tag?post=8250"}],"curies":[{"name":"wp","href":"https:\/\/api.w.org\/{rel}","templated":true}]}}