{"id":7938,"date":"2022-02-20T15:11:03","date_gmt":"2022-02-20T15:11:03","guid":{"rendered":"https:\/\/lamascoteriaonline.co\/shop\/?post_type=product&#038;p=7938"},"modified":"2024-01-21T14:58:37","modified_gmt":"2024-01-21T14:58:37","slug":"pro-plan-cat-adulto7-3-kg","status":"publish","type":"product","link":"https:\/\/lamascoteriaonline.co\/shop\/product\/pro-plan-cat-adulto7-3-kg\/","title":{"rendered":"Pro Plan Cat Adulto Vital Age+7 3 kg"},"content":{"rendered":"<p>Alimento completo y balanceado para gatos de 7 o m\u00e1s a\u00f1os.<\/p>\n<p>Es una tecnolog\u00eda exclusiva, formulada con una novedosa mezcla de amino\u00e1cidos, antioxidantes naturales, vitaminas del complejo B y omega 3 y 6, para ayudar a proteger y mantener la actividad cerebral y retrasar los signos del envejecimiento de tu gato.<\/p>\n","protected":false},"excerpt":{"rendered":"<p>Alimento completo y balanceado para gatos de 7 o m\u00e1s a\u00f1os. Es una tecnolog\u00eda exclusiva, formulada con una novedosa mezcla de amino\u00e1cidos, antioxidantes naturales, vitaminas del complejo B y omega 3 y 6, para ayudar a proteger y mantener la actividad cerebral y retrasar los signos del envejecimiento de tu gato.<\/p>\n","protected":false},"featured_media":7942,"comment_status":"open","ping_status":"closed","template":"","meta":{"_et_pb_use_builder":"","_et_pb_old_content":"","_et_gb_content_width":"","_joinchat":[]},"product_brand":[],"product_cat":[49],"product_tag":[],"class_list":{"0":"post-7938","1":"product","2":"type-product","3":"status-publish","4":"has-post-thumbnail","6":"product_cat-proplan-gatos","8":"first","9":"instock","10":"shipping-taxable","11":"purchasable","12":"product-type-simple"},"_links":{"self":[{"href":"https:\/\/lamascoteriaonline.co\/shop\/wp-json\/wp\/v2\/product\/7938","targetHints":{"allow":["GET"]}}],"collection":[{"href":"https:\/\/lamascoteriaonline.co\/shop\/wp-json\/wp\/v2\/product"}],"about":[{"href":"https:\/\/lamascoteriaonline.co\/shop\/wp-json\/wp\/v2\/types\/product"}],"replies":[{"embeddable":true,"href":"https:\/\/lamascoteriaonline.co\/shop\/wp-json\/wp\/v2\/comments?post=7938"}],"wp:featuredmedia":[{"embeddable":true,"href":"https:\/\/lamascoteriaonline.co\/shop\/wp-json\/wp\/v2\/media\/7942"}],"wp:attachment":[{"href":"https:\/\/lamascoteriaonline.co\/shop\/wp-json\/wp\/v2\/media?parent=7938"}],"wp:term":[{"taxonomy":"product_brand","embeddable":true,"href":"https:\/\/lamascoteriaonline.co\/shop\/wp-json\/wp\/v2\/product_brand?post=7938"},{"taxonomy":"product_cat","embeddable":true,"href":"https:\/\/lamascoteriaonline.co\/shop\/wp-json\/wp\/v2\/product_cat?post=7938"},{"taxonomy":"product_tag","embeddable":true,"href":"https:\/\/lamascoteriaonline.co\/shop\/wp-json\/wp\/v2\/product_tag?post=7938"}],"curies":[{"name":"wp","href":"https:\/\/api.w.org\/{rel}","templated":true}]}}