{"id":668,"date":"2018-10-05T00:45:27","date_gmt":"2018-10-05T00:45:27","guid":{"rendered":"http:\/\/lamascoteriaonline.co\/shop\/?post_type=product&#038;p=668"},"modified":"2024-06-12T22:46:04","modified_gmt":"2024-06-12T22:46:04","slug":"monello-dog-adulto","status":"publish","type":"product","link":"https:\/\/lamascoteriaonline.co\/shop\/product\/monello-dog-adulto\/","title":{"rendered":"Monello Dog Adulto"},"content":{"rendered":"<h3 style=\"background: white; margin: 7.5pt 0cm 7.5pt 0cm;\"><span style=\"font-size: 10.5pt; font-family: 'Arial',sans-serif; color: #888888; background: white;\">Monello Dog Tradicional tiene f\u00e1cil digesti\u00f3n y absorci\u00f3n, y est\u00e1 enriquecido con Omega 3 y 6, que ayudan en la belleza de la piel y pelaje de su perro, y tambi\u00e9n ayuda a prevenir enfermedades cardiovasculares. Adem\u00e1s de proporcionar un menor volumen de heces, facilitando la limpieza y proporcionando un ambiente higi\u00e9nico, el Monello Dog tradicional contiene diferentes fuentes de fibra que act\u00faa para reducir el olor de las heces.<\/span><\/h3>\n","protected":false},"excerpt":{"rendered":"<p><strong>Monello Dog tradicional<\/strong>\u00a0es un alimento\u00a0<strong>PREMIUM ESPECIAL<\/strong>\u00a0que satisface todas las necesidades nutricionales de los perros adultos. Tiene ingredientes seleccionados, prote\u00ednas de origen animal y vegetal, vitaminas y minerales, que proporcionan salud y energ\u00eda para los perros.<\/p>\n","protected":false},"featured_media":8575,"comment_status":"open","ping_status":"closed","template":"","meta":{"_et_pb_use_builder":"","_et_pb_old_content":"","_et_gb_content_width":"","_joinchat":[]},"product_brand":[],"product_cat":[41],"product_tag":[],"class_list":{"0":"post-668","1":"product","2":"type-product","3":"status-publish","4":"has-post-thumbnail","6":"product_cat-monello","8":"first","9":"instock","10":"shipping-taxable","11":"purchasable","12":"product-type-variable"},"_links":{"self":[{"href":"https:\/\/lamascoteriaonline.co\/shop\/wp-json\/wp\/v2\/product\/668","targetHints":{"allow":["GET"]}}],"collection":[{"href":"https:\/\/lamascoteriaonline.co\/shop\/wp-json\/wp\/v2\/product"}],"about":[{"href":"https:\/\/lamascoteriaonline.co\/shop\/wp-json\/wp\/v2\/types\/product"}],"replies":[{"embeddable":true,"href":"https:\/\/lamascoteriaonline.co\/shop\/wp-json\/wp\/v2\/comments?post=668"}],"wp:featuredmedia":[{"embeddable":true,"href":"https:\/\/lamascoteriaonline.co\/shop\/wp-json\/wp\/v2\/media\/8575"}],"wp:attachment":[{"href":"https:\/\/lamascoteriaonline.co\/shop\/wp-json\/wp\/v2\/media?parent=668"}],"wp:term":[{"taxonomy":"product_brand","embeddable":true,"href":"https:\/\/lamascoteriaonline.co\/shop\/wp-json\/wp\/v2\/product_brand?post=668"},{"taxonomy":"product_cat","embeddable":true,"href":"https:\/\/lamascoteriaonline.co\/shop\/wp-json\/wp\/v2\/product_cat?post=668"},{"taxonomy":"product_tag","embeddable":true,"href":"https:\/\/lamascoteriaonline.co\/shop\/wp-json\/wp\/v2\/product_tag?post=668"}],"curies":[{"name":"wp","href":"https:\/\/api.w.org\/{rel}","templated":true}]}}