{"id":6147,"date":"2020-10-13T15:41:48","date_gmt":"2020-10-13T15:41:48","guid":{"rendered":"https:\/\/lamascoteriaonline.co\/shop\/?post_type=product&#038;p=6147"},"modified":"2022-08-31T20:14:38","modified_gmt":"2022-08-31T20:14:38","slug":"arena-mirringo","status":"publish","type":"product","link":"https:\/\/lamascoteriaonline.co\/shop\/product\/arena-mirringo\/","title":{"rendered":"Arena Mirringo"},"content":{"rendered":"<ul>\n<li>Neutraliza los malos olores, aglutinando s\u00f3lidos y l\u00edquidos. Con discreto y agradable olor, acompa\u00f1ado de carbonato de s\u00f3dio para el control de malos olores.<\/li>\n<\/ul>\n","protected":false},"excerpt":{"rendered":"<p>Neutraliza los malos olores, aglutinando s\u00f3lidos y l\u00edquidos. Con discreto y agradable olor, acompa\u00f1ado de carbonato de s\u00f3dio para el control de malos olores.<\/p>\n","protected":false},"featured_media":6150,"comment_status":"open","ping_status":"closed","template":"","meta":{"_et_pb_use_builder":"","_et_pb_old_content":"","_et_gb_content_width":"","_joinchat":[]},"product_brand":[],"product_cat":[60],"product_tag":[],"class_list":{"0":"post-6147","1":"product","2":"type-product","3":"status-publish","4":"has-post-thumbnail","6":"product_cat-arenas","8":"first","9":"instock","10":"shipping-taxable","11":"purchasable","12":"product-type-variable"},"_links":{"self":[{"href":"https:\/\/lamascoteriaonline.co\/shop\/wp-json\/wp\/v2\/product\/6147","targetHints":{"allow":["GET"]}}],"collection":[{"href":"https:\/\/lamascoteriaonline.co\/shop\/wp-json\/wp\/v2\/product"}],"about":[{"href":"https:\/\/lamascoteriaonline.co\/shop\/wp-json\/wp\/v2\/types\/product"}],"replies":[{"embeddable":true,"href":"https:\/\/lamascoteriaonline.co\/shop\/wp-json\/wp\/v2\/comments?post=6147"}],"wp:featuredmedia":[{"embeddable":true,"href":"https:\/\/lamascoteriaonline.co\/shop\/wp-json\/wp\/v2\/media\/6150"}],"wp:attachment":[{"href":"https:\/\/lamascoteriaonline.co\/shop\/wp-json\/wp\/v2\/media?parent=6147"}],"wp:term":[{"taxonomy":"product_brand","embeddable":true,"href":"https:\/\/lamascoteriaonline.co\/shop\/wp-json\/wp\/v2\/product_brand?post=6147"},{"taxonomy":"product_cat","embeddable":true,"href":"https:\/\/lamascoteriaonline.co\/shop\/wp-json\/wp\/v2\/product_cat?post=6147"},{"taxonomy":"product_tag","embeddable":true,"href":"https:\/\/lamascoteriaonline.co\/shop\/wp-json\/wp\/v2\/product_tag?post=6147"}],"curies":[{"name":"wp","href":"https:\/\/api.w.org\/{rel}","templated":true}]}}