{"id":3879,"date":"2019-06-17T20:31:49","date_gmt":"2019-06-17T20:31:49","guid":{"rendered":"https:\/\/lamascoteriaonline.co\/shop\/?post_type=product&#038;p=3879"},"modified":"2023-04-05T21:22:27","modified_gmt":"2023-04-05T21:22:27","slug":"royal-canin-labrador-136kg","status":"publish","type":"product","link":"https:\/\/lamascoteriaonline.co\/shop\/product\/royal-canin-labrador-136kg\/","title":{"rendered":"Royal Canin Labrador 13,6kg"},"content":{"rendered":"<p class=\"p-title\">Labrador Retriever<\/p>\n<ul>\n<li>Alimento completo especial para Labrador Retriever a partir de los 15 meses que cubre las exigencias de la raza y de su sistema digestivo.<\/li>\n<li>Gracias a las prote\u00ednas L.I.P. (Alta digestibilidad), al aceite de copra y al arroz; se proporciona una seguridad digestiva \u00f3ptima. Las fibras seleccionadas ayudan a una limitaci\u00f3n en la fermentaci\u00f3n manteniendo al mismo tiempo la flora intestinal saludable.<\/li>\n<\/ul>\n","protected":false},"excerpt":{"rendered":"<p>Labrador Retriever Alimento completo especial para Labrador Retriever a partir de los 15 meses que cubre las exigencias de la raza y de su sistema digestivo. Gracias a las prote\u00ednas L.I.P. (Alta digestibilidad), al aceite de copra y al arroz; se proporciona una seguridad digestiva \u00f3ptima. Las fibras seleccionadas ayudan a una limitaci\u00f3n en la [&hellip;]<\/p>\n","protected":false},"featured_media":3880,"comment_status":"open","ping_status":"closed","template":"","meta":{"_et_pb_use_builder":"","_et_pb_old_content":"","_et_gb_content_width":"","_joinchat":[]},"product_brand":[],"product_cat":[76],"product_tag":[],"class_list":{"0":"post-3879","1":"product","2":"type-product","3":"status-publish","4":"has-post-thumbnail","6":"product_cat-royal-canin","8":"first","9":"instock","10":"shipping-taxable","11":"purchasable","12":"product-type-simple"},"_links":{"self":[{"href":"https:\/\/lamascoteriaonline.co\/shop\/wp-json\/wp\/v2\/product\/3879","targetHints":{"allow":["GET"]}}],"collection":[{"href":"https:\/\/lamascoteriaonline.co\/shop\/wp-json\/wp\/v2\/product"}],"about":[{"href":"https:\/\/lamascoteriaonline.co\/shop\/wp-json\/wp\/v2\/types\/product"}],"replies":[{"embeddable":true,"href":"https:\/\/lamascoteriaonline.co\/shop\/wp-json\/wp\/v2\/comments?post=3879"}],"wp:featuredmedia":[{"embeddable":true,"href":"https:\/\/lamascoteriaonline.co\/shop\/wp-json\/wp\/v2\/media\/3880"}],"wp:attachment":[{"href":"https:\/\/lamascoteriaonline.co\/shop\/wp-json\/wp\/v2\/media?parent=3879"}],"wp:term":[{"taxonomy":"product_brand","embeddable":true,"href":"https:\/\/lamascoteriaonline.co\/shop\/wp-json\/wp\/v2\/product_brand?post=3879"},{"taxonomy":"product_cat","embeddable":true,"href":"https:\/\/lamascoteriaonline.co\/shop\/wp-json\/wp\/v2\/product_cat?post=3879"},{"taxonomy":"product_tag","embeddable":true,"href":"https:\/\/lamascoteriaonline.co\/shop\/wp-json\/wp\/v2\/product_tag?post=3879"}],"curies":[{"name":"wp","href":"https:\/\/api.w.org\/{rel}","templated":true}]}}