{"id":3826,"date":"2019-06-17T14:16:40","date_gmt":"2019-06-17T14:16:40","guid":{"rendered":"https:\/\/lamascoteriaonline.co\/shop\/?post_type=product&#038;p=3826"},"modified":"2022-05-11T20:57:19","modified_gmt":"2022-05-11T20:57:19","slug":"bravecto-2-a-45-kg","status":"publish","type":"product","link":"https:\/\/lamascoteriaonline.co\/shop\/product\/bravecto-2-a-45-kg\/","title":{"rendered":"Bravecto 2 a 4,5 kg"},"content":{"rendered":"<p><strong>Indicaciones<\/strong><\/p>\n<p>Para el tratamiento y prevenci\u00f3n de infestaciones con pulgas y garrapatas en perros y para el tratamiento de la sarna demod\u00e9cica causada por Demodex canis. Este medicamento de acci\u00f3n sist\u00e9mica act\u00faa en forma inmediata y persistente durante 12 semanas para matar garrapatas (Ixodes ricinus y Rhipicephalus sanguineus adultas y juveniles) y pulgas (Ctenocephalides felis y Ctenocephalides canis).<\/p>\n<p>Las pulgas y garrapatas deben fijarse al hospedador y comenzar a alimentarse con el fin de exponerse al principio activo. El producto demuestra una eficacia inmediata contra pulgas dentro de las 8 horas desde que la pulga se adhiere al hu\u00e9sped y 12 horas en el caso de las garrapatas.<\/p>\n<p>En un estudio controlado, el tratamiento con fluralaner result\u00f3 en la completa eliminaci\u00f3n de los \u00e1caros de la sarna demod\u00e9cica de los perros tratados.<\/p>\n<p>El producto controla de forma efectiva la poblaci\u00f3n de pulgas en el ambiente en el que se encuentran los perros. Se puede utilizar como parte del tratamiento de la dermatitis al\u00e9rgica por picadura de pulgas (DAPP).<\/p>\n<p><strong>Contraindicaciones<\/strong><\/p>\n<p>No aplicar en caso de hipersensibilidad al principio activo o a alguno de sus excipientes.<\/p>\n","protected":false},"excerpt":{"rendered":"<p>Indicaciones Para el tratamiento y prevenci\u00f3n de infestaciones con pulgas y garrapatas en perros y para el tratamiento de la sarna demod\u00e9cica causada por Demodex canis. Este medicamento de acci\u00f3n sist\u00e9mica act\u00faa en forma inmediata y persistente durante 12 semanas para matar garrapatas (Ixodes ricinus y Rhipicephalus sanguineus adultas y juveniles) y pulgas (Ctenocephalides felis [&hellip;]<\/p>\n","protected":false},"featured_media":8769,"comment_status":"open","ping_status":"closed","template":"","meta":{"_et_pb_use_builder":"","_et_pb_old_content":"","_et_gb_content_width":"","_joinchat":[]},"product_brand":[],"product_cat":[90],"product_tag":[],"class_list":{"0":"post-3826","1":"product","2":"type-product","3":"status-publish","4":"has-post-thumbnail","6":"product_cat-perros-higiene-antiparasitarios","8":"first","9":"instock","10":"shipping-taxable","11":"purchasable","12":"product-type-simple"},"_links":{"self":[{"href":"https:\/\/lamascoteriaonline.co\/shop\/wp-json\/wp\/v2\/product\/3826","targetHints":{"allow":["GET"]}}],"collection":[{"href":"https:\/\/lamascoteriaonline.co\/shop\/wp-json\/wp\/v2\/product"}],"about":[{"href":"https:\/\/lamascoteriaonline.co\/shop\/wp-json\/wp\/v2\/types\/product"}],"replies":[{"embeddable":true,"href":"https:\/\/lamascoteriaonline.co\/shop\/wp-json\/wp\/v2\/comments?post=3826"}],"wp:featuredmedia":[{"embeddable":true,"href":"https:\/\/lamascoteriaonline.co\/shop\/wp-json\/wp\/v2\/media\/8769"}],"wp:attachment":[{"href":"https:\/\/lamascoteriaonline.co\/shop\/wp-json\/wp\/v2\/media?parent=3826"}],"wp:term":[{"taxonomy":"product_brand","embeddable":true,"href":"https:\/\/lamascoteriaonline.co\/shop\/wp-json\/wp\/v2\/product_brand?post=3826"},{"taxonomy":"product_cat","embeddable":true,"href":"https:\/\/lamascoteriaonline.co\/shop\/wp-json\/wp\/v2\/product_cat?post=3826"},{"taxonomy":"product_tag","embeddable":true,"href":"https:\/\/lamascoteriaonline.co\/shop\/wp-json\/wp\/v2\/product_tag?post=3826"}],"curies":[{"name":"wp","href":"https:\/\/api.w.org\/{rel}","templated":true}]}}