{"id":3171,"date":"2019-01-19T21:29:33","date_gmt":"2019-01-19T21:29:33","guid":{"rendered":"http:\/\/lamascoteriaonline.co\/shop\/?post_type=product&#038;p=3171"},"modified":"2023-06-03T16:05:15","modified_gmt":"2023-06-03T16:05:15","slug":"diamond-natural-active-cat","status":"publish","type":"product","link":"https:\/\/lamascoteriaonline.co\/shop\/product\/diamond-natural-active-cat\/","title":{"rendered":"Diamond Natural Active Cat"},"content":{"rendered":"<h6 id=\"tw-target-text\" class=\"tw-data-text tw-text-large tw-ta\" dir=\"ltr\" data-placeholder=\"Traducci\u00f3n\"><span class=\"Y2IQFc\" lang=\"es\">Diamond Naturals Active Cat Chicken Meal &amp; Rice Formula est\u00e1 formulado con altos niveles de prote\u00edna y grasa para satisfacer las necesidades espec\u00edficas de los adultos gatos activos. Tambi\u00e9n apropiadas para gatitos y gatas adultas gestantes o lactantes, esta f\u00f3rmula contiene DHA para apoyar el desarrollo del cerebro y la visi\u00f3n en los gatitos. Esta f\u00f3rmula rica en prote\u00ednas y grasas proporciona una nutrici\u00f3n de alto poder en cada situaci\u00f3n. Contiene una fuente de microorganismos vivos (viables) de origen natural.<\/span><\/h6>\n","protected":false},"excerpt":{"rendered":"<p>Diamond Naturals Active Cat Chicken Meal &amp; Rice Formula est\u00e1 formulado con altos niveles de prote\u00edna y grasa para satisfacer las necesidades espec\u00edficas de los adultos gatos activos. Tambi\u00e9n apropiadas para gatitos y gatas adultas gestantes o lactantes, esta f\u00f3rmula contiene DHA para apoyar el desarrollo del cerebro y la visi\u00f3n en los gatitos. Esta [&hellip;]<\/p>\n","protected":false},"featured_media":3174,"comment_status":"open","ping_status":"closed","template":"","meta":{"_et_pb_use_builder":"","_et_pb_old_content":"","_et_gb_content_width":"","_joinchat":[]},"product_brand":[],"product_cat":[105],"product_tag":[],"class_list":{"0":"post-3171","1":"product","2":"type-product","3":"status-publish","4":"has-post-thumbnail","6":"product_cat-gatos-seco-diamond-naturalis","8":"first","9":"instock","10":"shipping-taxable","11":"purchasable","12":"product-type-variable"},"_links":{"self":[{"href":"https:\/\/lamascoteriaonline.co\/shop\/wp-json\/wp\/v2\/product\/3171","targetHints":{"allow":["GET"]}}],"collection":[{"href":"https:\/\/lamascoteriaonline.co\/shop\/wp-json\/wp\/v2\/product"}],"about":[{"href":"https:\/\/lamascoteriaonline.co\/shop\/wp-json\/wp\/v2\/types\/product"}],"replies":[{"embeddable":true,"href":"https:\/\/lamascoteriaonline.co\/shop\/wp-json\/wp\/v2\/comments?post=3171"}],"wp:featuredmedia":[{"embeddable":true,"href":"https:\/\/lamascoteriaonline.co\/shop\/wp-json\/wp\/v2\/media\/3174"}],"wp:attachment":[{"href":"https:\/\/lamascoteriaonline.co\/shop\/wp-json\/wp\/v2\/media?parent=3171"}],"wp:term":[{"taxonomy":"product_brand","embeddable":true,"href":"https:\/\/lamascoteriaonline.co\/shop\/wp-json\/wp\/v2\/product_brand?post=3171"},{"taxonomy":"product_cat","embeddable":true,"href":"https:\/\/lamascoteriaonline.co\/shop\/wp-json\/wp\/v2\/product_cat?post=3171"},{"taxonomy":"product_tag","embeddable":true,"href":"https:\/\/lamascoteriaonline.co\/shop\/wp-json\/wp\/v2\/product_tag?post=3171"}],"curies":[{"name":"wp","href":"https:\/\/api.w.org\/{rel}","templated":true}]}}