{"id":2897,"date":"2019-01-09T22:25:54","date_gmt":"2019-01-09T22:25:54","guid":{"rendered":"http:\/\/lamascoteriaonline.co\/shop\/?post_type=product&#038;p=2897"},"modified":"2023-07-15T16:09:03","modified_gmt":"2023-07-15T16:09:03","slug":"arena-freemiau-citrica","status":"publish","type":"product","link":"https:\/\/lamascoteriaonline.co\/shop\/product\/arena-freemiau-citrica\/","title":{"rendered":"Arena Freemiau Citrica"},"content":{"rendered":"<p>Arena para gatos con aroma C\u00edtrico absorbente para las HECES Y ORINA. Recomendaciones para su uso Deposite arena Freemiau c\u00edtrica en una bandeja a una altura aproximada de 5 a 7 cms. Remueva frecuentemente los s\u00f3lidos. Adicionar la cantidad requerida para reponer el nivel. No se necesita cambiar toda la arena, solo rellenar con la cantidad necesaria, para mantener la altura inicial de la bandeja. Mantenga el producto en un lugar fresco y libre de humedad.<\/p>\n","protected":false},"excerpt":{"rendered":"<p>Arena para gatos con aroma C\u00edtrico absorbente para las HECES Y ORINA. Recomendaciones para su uso Deposite arena Freemiau c\u00edtrica en una bandeja a una altura aproximada de 5 a 7 cms. Remueva frecuentemente los s\u00f3lidos. Adicionar la cantidad requerida para reponer el nivel. No se necesita cambiar toda la arena, solo rellenar con la [&hellip;]<\/p>\n","protected":false},"featured_media":2900,"comment_status":"open","ping_status":"closed","template":"","meta":{"_et_pb_use_builder":"","_et_pb_old_content":"","_et_gb_content_width":"","_joinchat":[]},"product_brand":[],"product_cat":[60],"product_tag":[],"class_list":{"0":"post-2897","1":"product","2":"type-product","3":"status-publish","4":"has-post-thumbnail","6":"product_cat-arenas","8":"first","9":"instock","10":"shipping-taxable","11":"purchasable","12":"product-type-variable"},"_links":{"self":[{"href":"https:\/\/lamascoteriaonline.co\/shop\/wp-json\/wp\/v2\/product\/2897","targetHints":{"allow":["GET"]}}],"collection":[{"href":"https:\/\/lamascoteriaonline.co\/shop\/wp-json\/wp\/v2\/product"}],"about":[{"href":"https:\/\/lamascoteriaonline.co\/shop\/wp-json\/wp\/v2\/types\/product"}],"replies":[{"embeddable":true,"href":"https:\/\/lamascoteriaonline.co\/shop\/wp-json\/wp\/v2\/comments?post=2897"}],"wp:featuredmedia":[{"embeddable":true,"href":"https:\/\/lamascoteriaonline.co\/shop\/wp-json\/wp\/v2\/media\/2900"}],"wp:attachment":[{"href":"https:\/\/lamascoteriaonline.co\/shop\/wp-json\/wp\/v2\/media?parent=2897"}],"wp:term":[{"taxonomy":"product_brand","embeddable":true,"href":"https:\/\/lamascoteriaonline.co\/shop\/wp-json\/wp\/v2\/product_brand?post=2897"},{"taxonomy":"product_cat","embeddable":true,"href":"https:\/\/lamascoteriaonline.co\/shop\/wp-json\/wp\/v2\/product_cat?post=2897"},{"taxonomy":"product_tag","embeddable":true,"href":"https:\/\/lamascoteriaonline.co\/shop\/wp-json\/wp\/v2\/product_tag?post=2897"}],"curies":[{"name":"wp","href":"https:\/\/api.w.org\/{rel}","templated":true}]}}