{"id":269,"date":"2018-09-24T00:36:24","date_gmt":"2018-09-24T00:36:24","guid":{"rendered":"http:\/\/lamascoteriaonline.co\/shop\/?post_type=product&#038;p=269"},"modified":"2024-08-06T20:57:39","modified_gmt":"2024-08-06T20:57:39","slug":"hills-c-adult-ob-5lb","status":"publish","type":"product","link":"https:\/\/lamascoteriaonline.co\/shop\/product\/hills-c-adult-ob-5lb\/","title":{"rendered":"Hills Adulto Original Bites"},"content":{"rendered":"<p><strong>Hill&#8217;s Adulto Original<\/strong>\u00a0alimento para perros balanceado y completo. Contiene acidos grasos omega 3 y 6 para un pelaje hermoso y saludable. Contiene proteinas de alta calidad para fortalecer huesos y musculos.<\/p>\n<ul>\n<li>Contenido de \u00e1cidos grasos y Omegas garantiza un excelente estado de la piel y el pelaje.<\/li>\n<li>Prote\u00ednas de primera calidad para mantener m\u00fasculos magros y en excelentes condiciones.<\/li>\n<li>Este alimento para perros es de f\u00e1cil digesti\u00f3n, lo cual garantiza una absorci\u00f3n eficiente de los nutrientes.<\/li>\n<li>Nutrici\u00f3n para mejorar la piel y el pelo en 30 d\u00edas<\/li>\n<li>Beneficios antioxidantes cl\u00ednicamente probados<\/li>\n<li>Sin colores, sabores ni conservantes artificiales<\/li>\n<\/ul>\n","protected":false},"excerpt":{"rendered":"<p>Hill&#8217;s Adulto Original\u00a0alimento para perros balanceado y completo. Contiene acidos grasos omega 3 y 6 para un pelaje hermoso y saludable. Contiene proteinas de alta calidad para fortalecer huesos y musculos. Contenido de \u00e1cidos grasos y Omegas garantiza un excelente estado de la piel y el pelaje. Prote\u00ednas de primera calidad para mantener m\u00fasculos magros [&hellip;]<\/p>\n","protected":false},"featured_media":3753,"comment_status":"open","ping_status":"closed","template":"","meta":{"_et_pb_use_builder":"","_et_pb_old_content":"","_et_gb_content_width":"","_joinchat":[]},"product_brand":[],"product_cat":[22],"product_tag":[],"class_list":{"0":"post-269","1":"product","2":"type-product","3":"status-publish","4":"has-post-thumbnail","6":"product_cat-hills-perros","8":"first","9":"instock","10":"shipping-taxable","11":"purchasable","12":"product-type-variable"},"_links":{"self":[{"href":"https:\/\/lamascoteriaonline.co\/shop\/wp-json\/wp\/v2\/product\/269","targetHints":{"allow":["GET"]}}],"collection":[{"href":"https:\/\/lamascoteriaonline.co\/shop\/wp-json\/wp\/v2\/product"}],"about":[{"href":"https:\/\/lamascoteriaonline.co\/shop\/wp-json\/wp\/v2\/types\/product"}],"replies":[{"embeddable":true,"href":"https:\/\/lamascoteriaonline.co\/shop\/wp-json\/wp\/v2\/comments?post=269"}],"wp:featuredmedia":[{"embeddable":true,"href":"https:\/\/lamascoteriaonline.co\/shop\/wp-json\/wp\/v2\/media\/3753"}],"wp:attachment":[{"href":"https:\/\/lamascoteriaonline.co\/shop\/wp-json\/wp\/v2\/media?parent=269"}],"wp:term":[{"taxonomy":"product_brand","embeddable":true,"href":"https:\/\/lamascoteriaonline.co\/shop\/wp-json\/wp\/v2\/product_brand?post=269"},{"taxonomy":"product_cat","embeddable":true,"href":"https:\/\/lamascoteriaonline.co\/shop\/wp-json\/wp\/v2\/product_cat?post=269"},{"taxonomy":"product_tag","embeddable":true,"href":"https:\/\/lamascoteriaonline.co\/shop\/wp-json\/wp\/v2\/product_tag?post=269"}],"curies":[{"name":"wp","href":"https:\/\/api.w.org\/{rel}","templated":true}]}}