{"id":2567,"date":"2019-01-05T17:04:25","date_gmt":"2019-01-05T17:04:25","guid":{"rendered":"http:\/\/lamascoteriaonline.co\/shop\/?post_type=product&#038;p=2567"},"modified":"2024-09-03T15:10:42","modified_gmt":"2024-09-03T15:10:42","slug":"equilibrio-grain-free-raza-miniatura-cachorro","status":"publish","type":"product","link":"https:\/\/lamascoteriaonline.co\/shop\/product\/equilibrio-grain-free-raza-miniatura-cachorro\/","title":{"rendered":"Equilibrio Grain Free Raza Miniatura Cachorro 1,5kg"},"content":{"rendered":"<p>Alimento completo con ingredientes naturales, para perros en fase de crecimiento (8 semanas a 10 meses de vida). Libre de granos.<\/p>\n<ul>\n<li>RICO EN ANTIOXIDANTES NATURALES: vitamina C, E y Selenio.<\/li>\n<li>SALUD DE LA FLORA INTESTINAL a trav\u00e9s de la acci\u00f3n de prebi\u00f3tico + probi\u00f3tico.<\/li>\n<li>MEJOR CALIDAD DE LAS HECES: Fibra de Arveja y pulpa de remolacha.<\/li>\n<\/ul>\n","protected":false},"excerpt":{"rendered":"<p>Alimento completo con ingredientes naturales, para perros en fase de crecimiento (8 semanas a 10 meses de vida). Libre de granos. RICO EN ANTIOXIDANTES NATURALES: vitamina C, E y Selenio. SALUD DE LA FLORA INTESTINAL a trav\u00e9s de la acci\u00f3n de prebi\u00f3tico + probi\u00f3tico. MEJOR CALIDAD DE LAS HECES: Fibra de Arveja y pulpa de [&hellip;]<\/p>\n","protected":false},"featured_media":2570,"comment_status":"open","ping_status":"closed","template":"","meta":{"_et_pb_use_builder":"","_et_pb_old_content":"","_et_gb_content_width":"","_joinchat":[]},"product_brand":[],"product_cat":[67],"product_tag":[],"class_list":{"0":"post-2567","1":"product","2":"type-product","3":"status-publish","4":"has-post-thumbnail","6":"product_cat-equilibrio","8":"first","9":"instock","10":"shipping-taxable","11":"purchasable","12":"product-type-simple"},"_links":{"self":[{"href":"https:\/\/lamascoteriaonline.co\/shop\/wp-json\/wp\/v2\/product\/2567","targetHints":{"allow":["GET"]}}],"collection":[{"href":"https:\/\/lamascoteriaonline.co\/shop\/wp-json\/wp\/v2\/product"}],"about":[{"href":"https:\/\/lamascoteriaonline.co\/shop\/wp-json\/wp\/v2\/types\/product"}],"replies":[{"embeddable":true,"href":"https:\/\/lamascoteriaonline.co\/shop\/wp-json\/wp\/v2\/comments?post=2567"}],"wp:featuredmedia":[{"embeddable":true,"href":"https:\/\/lamascoteriaonline.co\/shop\/wp-json\/wp\/v2\/media\/2570"}],"wp:attachment":[{"href":"https:\/\/lamascoteriaonline.co\/shop\/wp-json\/wp\/v2\/media?parent=2567"}],"wp:term":[{"taxonomy":"product_brand","embeddable":true,"href":"https:\/\/lamascoteriaonline.co\/shop\/wp-json\/wp\/v2\/product_brand?post=2567"},{"taxonomy":"product_cat","embeddable":true,"href":"https:\/\/lamascoteriaonline.co\/shop\/wp-json\/wp\/v2\/product_cat?post=2567"},{"taxonomy":"product_tag","embeddable":true,"href":"https:\/\/lamascoteriaonline.co\/shop\/wp-json\/wp\/v2\/product_tag?post=2567"}],"curies":[{"name":"wp","href":"https:\/\/api.w.org\/{rel}","templated":true}]}}