{"id":2474,"date":"2019-01-04T23:47:52","date_gmt":"2019-01-04T23:47:52","guid":{"rendered":"http:\/\/lamascoteriaonline.co\/shop\/?post_type=product&#038;p=2474"},"modified":"2023-06-28T20:46:19","modified_gmt":"2023-06-28T20:46:19","slug":"hills-gato-z-d-4lbs","status":"publish","type":"product","link":"https:\/\/lamascoteriaonline.co\/shop\/product\/hills-gato-z-d-4lbs\/","title":{"rendered":"Hills Gato Z\/D 4lbs"},"content":{"rendered":"<p>Alimento seco especialmente formulado para dar apoyo a las sensibilidades cut\u00e1neas y al alimento de su gato. Cl\u00ednicamente comprobado para ayudar a evitar las reacciones adversas al alimento. Requiere la prescripci\u00f3n de un m\u00e9dico veterinario<\/p>\n<ul>\n<li>Formulado para ayudar a mejorar la digesti\u00f3n y calidad de las heces<\/li>\n<li>Ayuda a eliminar las causas de irritaci\u00f3n cut\u00e1nea asociadas al alimento<\/li>\n<li>Promueve una sana barrera cut\u00e1nea<\/li>\n<li>Formulado para ayudar a reducir el riesgo de piedras de estruvita y oxalato<\/li>\n<li>Apoya un sistema inmunol\u00f3gico sano<\/li>\n<\/ul>\n<p>&nbsp;<\/p>\n<p>&nbsp;<\/p>\n<p>&nbsp;<\/p>\n<p>&nbsp;<\/p>\n","protected":false},"excerpt":{"rendered":"<p>Alimento seco especialmente formulado para dar apoyo a las sensibilidades cut\u00e1neas y al alimento de su gato. Cl\u00ednicamente comprobado para ayudar a evitar las reacciones adversas al alimento. Requiere la prescripci\u00f3n de un m\u00e9dico veterinario Formulado para ayudar a mejorar la digesti\u00f3n y calidad de las heces Ayuda a eliminar las causas de irritaci\u00f3n cut\u00e1nea [&hellip;]<\/p>\n","protected":false},"featured_media":9961,"comment_status":"open","ping_status":"closed","template":"","meta":{"_et_pb_use_builder":"","_et_pb_old_content":"","_et_gb_content_width":"","_joinchat":[]},"product_brand":[],"product_cat":[71],"product_tag":[],"class_list":{"0":"post-2474","1":"product","2":"type-product","3":"status-publish","4":"has-post-thumbnail","6":"product_cat-hills-gatos","8":"first","9":"instock","10":"shipping-taxable","11":"purchasable","12":"product-type-simple"},"_links":{"self":[{"href":"https:\/\/lamascoteriaonline.co\/shop\/wp-json\/wp\/v2\/product\/2474","targetHints":{"allow":["GET"]}}],"collection":[{"href":"https:\/\/lamascoteriaonline.co\/shop\/wp-json\/wp\/v2\/product"}],"about":[{"href":"https:\/\/lamascoteriaonline.co\/shop\/wp-json\/wp\/v2\/types\/product"}],"replies":[{"embeddable":true,"href":"https:\/\/lamascoteriaonline.co\/shop\/wp-json\/wp\/v2\/comments?post=2474"}],"wp:featuredmedia":[{"embeddable":true,"href":"https:\/\/lamascoteriaonline.co\/shop\/wp-json\/wp\/v2\/media\/9961"}],"wp:attachment":[{"href":"https:\/\/lamascoteriaonline.co\/shop\/wp-json\/wp\/v2\/media?parent=2474"}],"wp:term":[{"taxonomy":"product_brand","embeddable":true,"href":"https:\/\/lamascoteriaonline.co\/shop\/wp-json\/wp\/v2\/product_brand?post=2474"},{"taxonomy":"product_cat","embeddable":true,"href":"https:\/\/lamascoteriaonline.co\/shop\/wp-json\/wp\/v2\/product_cat?post=2474"},{"taxonomy":"product_tag","embeddable":true,"href":"https:\/\/lamascoteriaonline.co\/shop\/wp-json\/wp\/v2\/product_tag?post=2474"}],"curies":[{"name":"wp","href":"https:\/\/api.w.org\/{rel}","templated":true}]}}