{"id":2454,"date":"2019-01-04T23:25:57","date_gmt":"2019-01-04T23:25:57","guid":{"rendered":"http:\/\/lamascoteriaonline.co\/shop\/?post_type=product&#038;p=2454"},"modified":"2023-06-28T20:41:01","modified_gmt":"2023-06-28T20:41:01","slug":"hills-gato-c-d-stress-4lbs","status":"publish","type":"product","link":"https:\/\/lamascoteriaonline.co\/shop\/product\/hills-gato-c-d-stress-4lbs\/","title":{"rendered":"Hills Gato C\/D Stress 4lbs"},"content":{"rendered":"<p>Alimento seco especialmente formulado para ayudar a la salud urinaria de su gato a la vez que controla el estr\u00e9s<\/p>\n<ul>\n<li>Promueve los niveles deseables de pH de la orina<\/li>\n<li>Enriquecido con antioxidantes, citrato de potasio y \u00e1cidos grasos Omega-3<\/li>\n<li>Niveles controlados de magnesio, calcio y f\u00f3sforo<\/li>\n<\/ul>\n","protected":false},"excerpt":{"rendered":"<p>Alimento seco especialmente formulado para ayudar a la salud urinaria de su gato a la vez que controla el estr\u00e9s Promueve los niveles deseables de pH de la orina Enriquecido con antioxidantes, citrato de potasio y \u00e1cidos grasos Omega-3 Niveles controlados de magnesio, calcio y f\u00f3sforo<\/p>\n","protected":false},"featured_media":2457,"comment_status":"open","ping_status":"closed","template":"","meta":{"_et_pb_use_builder":"","_et_pb_old_content":"","_et_gb_content_width":"","_joinchat":[]},"product_brand":[],"product_cat":[71],"product_tag":[],"class_list":{"0":"post-2454","1":"product","2":"type-product","3":"status-publish","4":"has-post-thumbnail","6":"product_cat-hills-gatos","8":"first","9":"instock","10":"shipping-taxable","11":"purchasable","12":"product-type-simple"},"_links":{"self":[{"href":"https:\/\/lamascoteriaonline.co\/shop\/wp-json\/wp\/v2\/product\/2454","targetHints":{"allow":["GET"]}}],"collection":[{"href":"https:\/\/lamascoteriaonline.co\/shop\/wp-json\/wp\/v2\/product"}],"about":[{"href":"https:\/\/lamascoteriaonline.co\/shop\/wp-json\/wp\/v2\/types\/product"}],"replies":[{"embeddable":true,"href":"https:\/\/lamascoteriaonline.co\/shop\/wp-json\/wp\/v2\/comments?post=2454"}],"wp:featuredmedia":[{"embeddable":true,"href":"https:\/\/lamascoteriaonline.co\/shop\/wp-json\/wp\/v2\/media\/2457"}],"wp:attachment":[{"href":"https:\/\/lamascoteriaonline.co\/shop\/wp-json\/wp\/v2\/media?parent=2454"}],"wp:term":[{"taxonomy":"product_brand","embeddable":true,"href":"https:\/\/lamascoteriaonline.co\/shop\/wp-json\/wp\/v2\/product_brand?post=2454"},{"taxonomy":"product_cat","embeddable":true,"href":"https:\/\/lamascoteriaonline.co\/shop\/wp-json\/wp\/v2\/product_cat?post=2454"},{"taxonomy":"product_tag","embeddable":true,"href":"https:\/\/lamascoteriaonline.co\/shop\/wp-json\/wp\/v2\/product_tag?post=2454"}],"curies":[{"name":"wp","href":"https:\/\/api.w.org\/{rel}","templated":true}]}}