{"id":2358,"date":"2019-01-04T21:21:15","date_gmt":"2019-01-04T21:21:15","guid":{"rendered":"http:\/\/lamascoteriaonline.co\/shop\/?post_type=product&#038;p=2358"},"modified":"2023-06-28T20:12:34","modified_gmt":"2023-06-28T20:12:34","slug":"hills-perro-d-d-potato-salmon","status":"publish","type":"product","link":"https:\/\/lamascoteriaonline.co\/shop\/product\/hills-perro-d-d-potato-salmon\/","title":{"rendered":"Hills Perro D\/D Potato &#038; Salmon 8lbs"},"content":{"rendered":"<p>Alimento seco para pacientes con dermatopat\u00edas de diversos or\u00edgenes o que requieren una prote\u00edna diferente en su dieta. Requiere la prescripci\u00f3n de un m\u00e9dico veterinario.<\/p>\n<p>Contiene una novedosa f\u00f3rmula de prote\u00edna animal (salm\u00f3n), que no se asocia con reacciones adversas al alimento.<\/p>\n","protected":false},"excerpt":{"rendered":"<p>Alimento seco para pacientes con dermatopat\u00edas de diversos or\u00edgenes o que requieren una prote\u00edna diferente en su dieta. Requiere la prescripci\u00f3n de un m\u00e9dico veterinario. Contiene una novedosa f\u00f3rmula de prote\u00edna animal (salm\u00f3n), que no se asocia con reacciones adversas al alimento.<\/p>\n","protected":false},"featured_media":2361,"comment_status":"open","ping_status":"closed","template":"","meta":{"_et_pb_use_builder":"","_et_pb_old_content":"","_et_gb_content_width":"","_joinchat":[]},"product_brand":[],"product_cat":[22],"product_tag":[],"class_list":{"0":"post-2358","1":"product","2":"type-product","3":"status-publish","4":"has-post-thumbnail","6":"product_cat-hills-perros","8":"first","9":"instock","10":"shipping-taxable","11":"purchasable","12":"product-type-simple"},"_links":{"self":[{"href":"https:\/\/lamascoteriaonline.co\/shop\/wp-json\/wp\/v2\/product\/2358","targetHints":{"allow":["GET"]}}],"collection":[{"href":"https:\/\/lamascoteriaonline.co\/shop\/wp-json\/wp\/v2\/product"}],"about":[{"href":"https:\/\/lamascoteriaonline.co\/shop\/wp-json\/wp\/v2\/types\/product"}],"replies":[{"embeddable":true,"href":"https:\/\/lamascoteriaonline.co\/shop\/wp-json\/wp\/v2\/comments?post=2358"}],"wp:featuredmedia":[{"embeddable":true,"href":"https:\/\/lamascoteriaonline.co\/shop\/wp-json\/wp\/v2\/media\/2361"}],"wp:attachment":[{"href":"https:\/\/lamascoteriaonline.co\/shop\/wp-json\/wp\/v2\/media?parent=2358"}],"wp:term":[{"taxonomy":"product_brand","embeddable":true,"href":"https:\/\/lamascoteriaonline.co\/shop\/wp-json\/wp\/v2\/product_brand?post=2358"},{"taxonomy":"product_cat","embeddable":true,"href":"https:\/\/lamascoteriaonline.co\/shop\/wp-json\/wp\/v2\/product_cat?post=2358"},{"taxonomy":"product_tag","embeddable":true,"href":"https:\/\/lamascoteriaonline.co\/shop\/wp-json\/wp\/v2\/product_tag?post=2358"}],"curies":[{"name":"wp","href":"https:\/\/api.w.org\/{rel}","templated":true}]}}