{"id":2297,"date":"2019-01-04T18:37:42","date_gmt":"2019-01-04T18:37:42","guid":{"rendered":"http:\/\/lamascoteriaonline.co\/shop\/?post_type=product&#038;p=2297"},"modified":"2023-06-28T19:29:43","modified_gmt":"2023-06-28T19:29:43","slug":"hills-adulto-large-175lbs","status":"publish","type":"product","link":"https:\/\/lamascoteriaonline.co\/shop\/product\/hills-adulto-large-175lbs\/","title":{"rendered":"Hills Adulto Large 15lbs"},"content":{"rendered":"<p>Proporciona nutrici\u00f3n balanceada con precisi\u00f3n dise\u00f1ada para una diferencia visible en perros de razas grandes.<\/p>\n<p>\u2013 Fuentes naturales de glucosamina para el cuidado de articulaciones.<\/p>\n<p>\u2013 Omega 6s y vitamina E para una pelaje radiante.<\/p>\n<p>\u2013 Prote\u00edna para construir m\u00fasculos magros.<\/p>\n","protected":false},"excerpt":{"rendered":"<p>Proporciona nutrici\u00f3n balanceada con precisi\u00f3n dise\u00f1ada para una diferencia visible en perros de razas grandes. \u2013 Fuentes naturales de glucosamina para el cuidado de articulaciones. \u2013 Omega 6s y vitamina E para una pelaje radiante. \u2013 Prote\u00edna para construir m\u00fasculos magros.<\/p>\n","protected":false},"featured_media":3756,"comment_status":"open","ping_status":"closed","template":"","meta":{"_et_pb_use_builder":"","_et_pb_old_content":"","_et_gb_content_width":"","_joinchat":[]},"product_brand":[],"product_cat":[22],"product_tag":[],"class_list":{"0":"post-2297","1":"product","2":"type-product","3":"status-publish","4":"has-post-thumbnail","6":"product_cat-hills-perros","8":"first","9":"instock","10":"shipping-taxable","11":"purchasable","12":"product-type-simple"},"_links":{"self":[{"href":"https:\/\/lamascoteriaonline.co\/shop\/wp-json\/wp\/v2\/product\/2297","targetHints":{"allow":["GET"]}}],"collection":[{"href":"https:\/\/lamascoteriaonline.co\/shop\/wp-json\/wp\/v2\/product"}],"about":[{"href":"https:\/\/lamascoteriaonline.co\/shop\/wp-json\/wp\/v2\/types\/product"}],"replies":[{"embeddable":true,"href":"https:\/\/lamascoteriaonline.co\/shop\/wp-json\/wp\/v2\/comments?post=2297"}],"wp:featuredmedia":[{"embeddable":true,"href":"https:\/\/lamascoteriaonline.co\/shop\/wp-json\/wp\/v2\/media\/3756"}],"wp:attachment":[{"href":"https:\/\/lamascoteriaonline.co\/shop\/wp-json\/wp\/v2\/media?parent=2297"}],"wp:term":[{"taxonomy":"product_brand","embeddable":true,"href":"https:\/\/lamascoteriaonline.co\/shop\/wp-json\/wp\/v2\/product_brand?post=2297"},{"taxonomy":"product_cat","embeddable":true,"href":"https:\/\/lamascoteriaonline.co\/shop\/wp-json\/wp\/v2\/product_cat?post=2297"},{"taxonomy":"product_tag","embeddable":true,"href":"https:\/\/lamascoteriaonline.co\/shop\/wp-json\/wp\/v2\/product_tag?post=2297"}],"curies":[{"name":"wp","href":"https:\/\/api.w.org\/{rel}","templated":true}]}}