{"id":2276,"date":"2019-01-04T18:09:59","date_gmt":"2019-01-04T18:09:59","guid":{"rendered":"http:\/\/lamascoteriaonline.co\/shop\/?post_type=product&#038;p=2276"},"modified":"2024-08-06T20:35:28","modified_gmt":"2024-08-06T20:35:28","slug":"hills-cachorro-sb","status":"publish","type":"product","link":"https:\/\/lamascoteriaonline.co\/shop\/product\/hills-cachorro-sb\/","title":{"rendered":"Hills Cachorro Small Bites"},"content":{"rendered":"<p>F\u00e1cil de digerir para cachorros en crecimiento que prefieren un bocado m\u00e1s peque\u00f1o.<\/p>\n<p>\u2013 DHA para cerebro y ojos sanos.<\/p>\n<p>\u2013 Minerales para huesos y dientes fuertes.<\/p>\n<p>\u2013 Prote\u00edna para construir m\u00fasculos magros.<\/p>\n<p>\u2013 Para los que prefieren croquetas peque\u00f1as.<\/p>\n","protected":false},"excerpt":{"rendered":"<p>F\u00e1cil de digerir para cachorros en crecimiento que prefieren un bocado m\u00e1s peque\u00f1o. \u2013 DHA para cerebro y ojos sanos. \u2013 Minerales para huesos y dientes fuertes. \u2013 Prote\u00edna para construir m\u00fasculos magros. \u2013 Para los que prefieren croquetas peque\u00f1as.<\/p>\n","protected":false},"featured_media":3743,"comment_status":"open","ping_status":"closed","template":"","meta":{"_et_pb_use_builder":"","_et_pb_old_content":"","_et_gb_content_width":"","_joinchat":[]},"product_brand":[],"product_cat":[22],"product_tag":[],"class_list":{"0":"post-2276","1":"product","2":"type-product","3":"status-publish","4":"has-post-thumbnail","6":"product_cat-hills-perros","8":"first","9":"instock","10":"shipping-taxable","11":"purchasable","12":"product-type-variable"},"_links":{"self":[{"href":"https:\/\/lamascoteriaonline.co\/shop\/wp-json\/wp\/v2\/product\/2276","targetHints":{"allow":["GET"]}}],"collection":[{"href":"https:\/\/lamascoteriaonline.co\/shop\/wp-json\/wp\/v2\/product"}],"about":[{"href":"https:\/\/lamascoteriaonline.co\/shop\/wp-json\/wp\/v2\/types\/product"}],"replies":[{"embeddable":true,"href":"https:\/\/lamascoteriaonline.co\/shop\/wp-json\/wp\/v2\/comments?post=2276"}],"wp:featuredmedia":[{"embeddable":true,"href":"https:\/\/lamascoteriaonline.co\/shop\/wp-json\/wp\/v2\/media\/3743"}],"wp:attachment":[{"href":"https:\/\/lamascoteriaonline.co\/shop\/wp-json\/wp\/v2\/media?parent=2276"}],"wp:term":[{"taxonomy":"product_brand","embeddable":true,"href":"https:\/\/lamascoteriaonline.co\/shop\/wp-json\/wp\/v2\/product_brand?post=2276"},{"taxonomy":"product_cat","embeddable":true,"href":"https:\/\/lamascoteriaonline.co\/shop\/wp-json\/wp\/v2\/product_cat?post=2276"},{"taxonomy":"product_tag","embeddable":true,"href":"https:\/\/lamascoteriaonline.co\/shop\/wp-json\/wp\/v2\/product_tag?post=2276"}],"curies":[{"name":"wp","href":"https:\/\/api.w.org\/{rel}","templated":true}]}}