{"id":2185,"date":"2018-12-03T01:05:53","date_gmt":"2018-12-03T01:05:53","guid":{"rendered":"http:\/\/lamascoteriaonline.co\/shop\/?post_type=product&#038;p=2185"},"modified":"2023-06-28T19:44:11","modified_gmt":"2023-06-28T19:44:11","slug":"hills-adultos-light","status":"publish","type":"product","link":"https:\/\/lamascoteriaonline.co\/shop\/product\/hills-adultos-light\/","title":{"rendered":"Hills Adultos Light OB"},"content":{"rendered":"<p>Hill&#8217;s\u00ae\u00a0Ciencia Diet\u00ae\u00a0comida para perros Adult Light proporciona una nutrici\u00f3n equilibrada, precisamente para un estilo de vida ligera, saludable.<\/p>\n<ul>\n<li>18% menos de calor\u00edas que el adulto aptitud avanzada<\/li>\n<li>Se ha demostrado cl\u00ednicamente beneficios antioxidantes<\/li>\n<li>Sin colorantes artificiales, sabores o conservantes<\/li>\n<\/ul>\n","protected":false},"excerpt":{"rendered":"<p>Hill&#8217;s\u00ae\u00a0Ciencia Diet\u00ae\u00a0comida para perros Adult Light proporciona una nutrici\u00f3n equilibrada, precisamente para un estilo de vida ligera, saludable. 18% menos de calor\u00edas que el adulto aptitud avanzada Se ha demostrado cl\u00ednicamente beneficios antioxidantes Sin colorantes artificiales, sabores o conservantes<\/p>\n","protected":false},"featured_media":3761,"comment_status":"open","ping_status":"closed","template":"","meta":{"_et_pb_use_builder":"","_et_pb_old_content":"","_et_gb_content_width":"","_joinchat":[]},"product_brand":[],"product_cat":[22],"product_tag":[],"class_list":{"0":"post-2185","1":"product","2":"type-product","3":"status-publish","4":"has-post-thumbnail","6":"product_cat-hills-perros","8":"first","9":"instock","10":"shipping-taxable","11":"purchasable","12":"product-type-variable"},"_links":{"self":[{"href":"https:\/\/lamascoteriaonline.co\/shop\/wp-json\/wp\/v2\/product\/2185","targetHints":{"allow":["GET"]}}],"collection":[{"href":"https:\/\/lamascoteriaonline.co\/shop\/wp-json\/wp\/v2\/product"}],"about":[{"href":"https:\/\/lamascoteriaonline.co\/shop\/wp-json\/wp\/v2\/types\/product"}],"replies":[{"embeddable":true,"href":"https:\/\/lamascoteriaonline.co\/shop\/wp-json\/wp\/v2\/comments?post=2185"}],"wp:featuredmedia":[{"embeddable":true,"href":"https:\/\/lamascoteriaonline.co\/shop\/wp-json\/wp\/v2\/media\/3761"}],"wp:attachment":[{"href":"https:\/\/lamascoteriaonline.co\/shop\/wp-json\/wp\/v2\/media?parent=2185"}],"wp:term":[{"taxonomy":"product_brand","embeddable":true,"href":"https:\/\/lamascoteriaonline.co\/shop\/wp-json\/wp\/v2\/product_brand?post=2185"},{"taxonomy":"product_cat","embeddable":true,"href":"https:\/\/lamascoteriaonline.co\/shop\/wp-json\/wp\/v2\/product_cat?post=2185"},{"taxonomy":"product_tag","embeddable":true,"href":"https:\/\/lamascoteriaonline.co\/shop\/wp-json\/wp\/v2\/product_tag?post=2185"}],"curies":[{"name":"wp","href":"https:\/\/api.w.org\/{rel}","templated":true}]}}