{"id":1632,"date":"2018-11-20T00:32:09","date_gmt":"2018-11-20T00:32:09","guid":{"rendered":"http:\/\/lamascoteriaonline.co\/shop\/?post_type=product&#038;p=1632"},"modified":"2024-09-03T14:40:56","modified_gmt":"2024-09-03T14:40:56","slug":"equilibrio-filhotes-todas-las-razas","status":"publish","type":"product","link":"https:\/\/lamascoteriaonline.co\/shop\/product\/equilibrio-filhotes-todas-las-razas\/","title":{"rendered":"Equilibrio Cachorro Raza Mediana"},"content":{"rendered":"<p>Alimento completo para perros en crecimiento (de 2 a 12 meses de vida).<\/p>\n<ul>\n<li>Pelaje sedoso y brillante: Equilibrio perfecto de omega 3 y 6.<\/li>\n<li>Reducci\u00f3n del olor de las heces: Tras la acci\u00f3n de la Yucca schidigera.<\/li>\n<li>Mejor tr\u00e1nsito intestinal<\/li>\n<li>Provee prebi\u00f3ticos y probi\u00f3ticos activos.<\/li>\n<\/ul>\n","protected":false},"excerpt":{"rendered":"<p>Alimento completo para perros en crecimiento (de 2 a 12 meses de vida). Pelaje sedoso y brillante: Equilibrio perfecto de omega 3 y 6. Reducci\u00f3n del olor de las heces: Tras la acci\u00f3n de la Yucca schidigera. Mejor tr\u00e1nsito intestinal Provee prebi\u00f3ticos y probi\u00f3ticos activos.<\/p>\n","protected":false},"featured_media":2479,"comment_status":"open","ping_status":"closed","template":"","meta":{"_et_pb_use_builder":"","_et_pb_old_content":"","_et_gb_content_width":"","_joinchat":[]},"product_brand":[],"product_cat":[67],"product_tag":[],"class_list":{"0":"post-1632","1":"product","2":"type-product","3":"status-publish","4":"has-post-thumbnail","6":"product_cat-equilibrio","8":"first","9":"instock","10":"shipping-taxable","11":"purchasable","12":"product-type-variable"},"_links":{"self":[{"href":"https:\/\/lamascoteriaonline.co\/shop\/wp-json\/wp\/v2\/product\/1632","targetHints":{"allow":["GET"]}}],"collection":[{"href":"https:\/\/lamascoteriaonline.co\/shop\/wp-json\/wp\/v2\/product"}],"about":[{"href":"https:\/\/lamascoteriaonline.co\/shop\/wp-json\/wp\/v2\/types\/product"}],"replies":[{"embeddable":true,"href":"https:\/\/lamascoteriaonline.co\/shop\/wp-json\/wp\/v2\/comments?post=1632"}],"wp:featuredmedia":[{"embeddable":true,"href":"https:\/\/lamascoteriaonline.co\/shop\/wp-json\/wp\/v2\/media\/2479"}],"wp:attachment":[{"href":"https:\/\/lamascoteriaonline.co\/shop\/wp-json\/wp\/v2\/media?parent=1632"}],"wp:term":[{"taxonomy":"product_brand","embeddable":true,"href":"https:\/\/lamascoteriaonline.co\/shop\/wp-json\/wp\/v2\/product_brand?post=1632"},{"taxonomy":"product_cat","embeddable":true,"href":"https:\/\/lamascoteriaonline.co\/shop\/wp-json\/wp\/v2\/product_cat?post=1632"},{"taxonomy":"product_tag","embeddable":true,"href":"https:\/\/lamascoteriaonline.co\/shop\/wp-json\/wp\/v2\/product_tag?post=1632"}],"curies":[{"name":"wp","href":"https:\/\/api.w.org\/{rel}","templated":true}]}}