{"id":11024,"date":"2024-09-17T02:06:44","date_gmt":"2024-09-17T02:06:44","guid":{"rendered":"https:\/\/lamascoteriaonline.co\/shop\/?post_type=product&#038;p=11024"},"modified":"2024-09-18T01:20:41","modified_gmt":"2024-09-18T01:20:41","slug":"pro-omega-perro-adulto-raza-pequena","status":"publish","type":"product","link":"https:\/\/lamascoteriaonline.co\/shop\/product\/pro-omega-perro-adulto-raza-pequena\/","title":{"rendered":"Pro OMEGA perro adulto raza peque\u00f1a"},"content":{"rendered":"<h3>Composici\u00f3n B\u00e1sica<\/h3>\n<p>Harina de v\u00edsceras de pollo, arroz partido, ma\u00edz integral molido*, aceite de pollo, gl\u00faten de ma\u00edz 60*, salvado de trigo, salvado de arroz aceitoso, huevo en polvo, hidrolizado de h\u00edgado de pollo y cerdo, pulpa de remolacha, prebi\u00f3tico (MOS), extracto de yucca, probi\u00f3tico (<em>Bacillus cereus<\/em>\u00a0y\u00a0<em>Bacillus subtilis<\/em>), cloruro de sodio (sal com\u00fan), semilla de linaza, zinc amino\u00e1cido quelatado, selenio amino\u00e1cido quelatado, manganeso amino\u00e1cido quelatado, aditivo fungicida (propionato de calcio), aditivo antioxidante (BHT\/BHA), zeolita, hexametafosfato, premezcla de vitaminas mineral, cloruro de colina, sulfato de condroitina y sulfato de glucosamine.<\/p>\n<p>*Ma\u00edz integral molido y gl\u00faten de ma\u00edz 60 gen\u00e9ticamente modificados por\u00a0<em>Bacillus thuringiensis<\/em>\u00a0y\u00a0<em>Streptomyces viridochromogenes<\/em>.<\/p>\n<div class=\"icon-flex\">\n<div class=\"icon-txt waypoint animation_right_d2\">\n<h3 class=\"icon-title\">Probi\u00f3ticos<\/h3>\n<p class=\"icon-sub\">Mejoran la salud intestinal de su mascota<\/p>\n<\/div>\n<\/div>\n<div class=\"icon-flex\">\n<div class=\"icon-txt waypoint animation_right_d2\">\n<h3 class=\"icon-title\">Semilla de Linaza<\/h3>\n<p class=\"icon-sub\">Fuente de Omega 3 y Omega 6 | Piel y Pelaje Sanos<\/p>\n<\/div>\n<\/div>\n<div class=\"icon-flex\">\n<div class=\"icon-txt waypoint animation_right_d2\">\n<h3 class=\"icon-title\">Condroitina y Glucosamine<\/h3>\n<p class=\"icon-sub\">Beneficio a las articulaciones<\/p>\n<\/div>\n<\/div>\n<div class=\"icon-flex\">\n<div class=\"icon-txt waypoint animation_right_d2\">\n<h3 class=\"icon-title\">Hexametafosfato<\/h3>\n<p class=\"icon-sub\">Factor anti-sarro<\/p>\n<\/div>\n<\/div>\n<div class=\"icon-flex\">\n<div class=\"icon-txt waypoint animation_right_d2\">\n<h3 class=\"icon-title\">Prote\u00ednas de alto valor biol\u00f3gico<\/h3>\n<\/div>\n<\/div>\n<div class=\"icon-flex\">\n<div class=\"icon-txt waypoint animation_right_d2\">\n<h3 class=\"icon-title\">Extracto de Yuca<\/h3>\n<p class=\"icon-sub\">Reduce el olor de las heces<\/p>\n<\/div>\n<\/div>\n","protected":false},"excerpt":{"rendered":"<p>Composici\u00f3n B\u00e1sica Harina de v\u00edsceras de pollo, arroz partido, ma\u00edz integral molido*, aceite de pollo, gl\u00faten de ma\u00edz 60*, salvado de trigo, salvado de arroz aceitoso, huevo en polvo, hidrolizado de h\u00edgado de pollo y cerdo, pulpa de remolacha, prebi\u00f3tico (MOS), extracto de yucca, probi\u00f3tico (Bacillus cereus\u00a0y\u00a0Bacillus subtilis), cloruro de sodio (sal com\u00fan), semilla de [&hellip;]<\/p>\n","protected":false},"featured_media":11025,"comment_status":"open","ping_status":"closed","template":"","meta":{"_et_pb_use_builder":"","_et_pb_old_content":"","_et_gb_content_width":"","_joinchat":[]},"product_brand":[],"product_cat":[162],"product_tag":[],"class_list":{"0":"post-11024","1":"product","2":"type-product","3":"status-publish","4":"has-post-thumbnail","6":"product_cat-pro-omega","8":"first","9":"instock","10":"shipping-taxable","11":"purchasable","12":"product-type-variable"},"_links":{"self":[{"href":"https:\/\/lamascoteriaonline.co\/shop\/wp-json\/wp\/v2\/product\/11024","targetHints":{"allow":["GET"]}}],"collection":[{"href":"https:\/\/lamascoteriaonline.co\/shop\/wp-json\/wp\/v2\/product"}],"about":[{"href":"https:\/\/lamascoteriaonline.co\/shop\/wp-json\/wp\/v2\/types\/product"}],"replies":[{"embeddable":true,"href":"https:\/\/lamascoteriaonline.co\/shop\/wp-json\/wp\/v2\/comments?post=11024"}],"wp:featuredmedia":[{"embeddable":true,"href":"https:\/\/lamascoteriaonline.co\/shop\/wp-json\/wp\/v2\/media\/11025"}],"wp:attachment":[{"href":"https:\/\/lamascoteriaonline.co\/shop\/wp-json\/wp\/v2\/media?parent=11024"}],"wp:term":[{"taxonomy":"product_brand","embeddable":true,"href":"https:\/\/lamascoteriaonline.co\/shop\/wp-json\/wp\/v2\/product_brand?post=11024"},{"taxonomy":"product_cat","embeddable":true,"href":"https:\/\/lamascoteriaonline.co\/shop\/wp-json\/wp\/v2\/product_cat?post=11024"},{"taxonomy":"product_tag","embeddable":true,"href":"https:\/\/lamascoteriaonline.co\/shop\/wp-json\/wp\/v2\/product_tag?post=11024"}],"curies":[{"name":"wp","href":"https:\/\/api.w.org\/{rel}","templated":true}]}}