{"id":10742,"date":"2024-06-01T22:10:07","date_gmt":"2024-06-01T22:10:07","guid":{"rendered":"https:\/\/lamascoteriaonline.co\/shop\/?post_type=product&#038;p=10742"},"modified":"2025-02-20T22:19:42","modified_gmt":"2025-02-20T22:19:42","slug":"br-for-cat-gato-senior","status":"publish","type":"product","link":"https:\/\/lamascoteriaonline.co\/shop\/product\/br-for-cat-gato-senior\/","title":{"rendered":"BR For Cat Gato Senior"},"content":{"rendered":"<p><b>F\u00f3rmula BR\u00ae For Cat Pure Senior<\/b>\u00a0es un alimento completo para gatos de todas las razas, mayores de 7 a\u00f1os.<\/p>\n<p>Harina de pollo, harina de pescado (fuente natural de DHA), grasa de pollo (preservada con mezcla de tocoferoles, una mezcla de vitamina E), arroz cervecero, levadura de cerveza (saccharomyces cerevisiae), harina de avena, prote\u00edna de papa, papa deshidratada, yucca Schidigera, beta-caroteno, huevo deshidratado, arroz, pulpa de remolacha (az\u00facar extra\u00edda), sabor natural a pescado, extracto de romero, extrato de silimarina, linaza (fuente natural de omega 3 y \u00e1cidos grasos), taurina, extracto de hemicelulosa, cloruro de colina, clorhidrato de potasio, DL-metionina, L-lisina, suplemento de vitamina E, L-ascorbyl-2, polifosfato (como fuente de vitamina C), niacina, suplemento de vitamina A, pantotenato de Calcio, carbonato de Calcio, riboflavina, mononitrato de tiamina, clorhidrato de piridoxina, suplemento de vitamina D3, \u00e1cido f\u00f3lico, biotina, suplemento de vitamina B12, sulfato ferroso, \u00f3xido de zinc, \u00f3xido de manganeso, sulfato de cobre, carbonato de cobalto, yodado de Calcio, selenio de sodio, L-carnitine, extracto de cardo mariano.<\/p>\n<table class=\"table table-striped\">\n<tbody>\n<tr>\n<td>Calor\u00edas<\/td>\n<td>3.670 Kcal\/Kg.<\/td>\n<\/tr>\n<tr>\n<td>Prote\u00edna cruda (m\u00ednimo)<\/td>\n<td>30%<\/td>\n<\/tr>\n<tr>\n<td>Grasa cruda (m\u00ednimo)<\/td>\n<td>14%<\/td>\n<\/tr>\n<tr>\n<td>Cenizas (m\u00e1ximo)<\/td>\n<td>8%<\/td>\n<\/tr>\n<tr>\n<td>Fibra Cruda (m\u00e1ximo)<\/td>\n<td>4%<\/td>\n<\/tr>\n<tr>\n<td>Humedad (m\u00e1ximo)<\/td>\n<td>10%<\/td>\n<\/tr>\n<tr>\n<td>Calcio (m\u00ednimo)<\/td>\n<td>0,6%<\/td>\n<\/tr>\n<tr>\n<td>F\u00f3sforo (m\u00ednimo)<\/td>\n<td>0,5%<\/td>\n<\/tr>\n<\/tbody>\n<\/table>\n","protected":false},"excerpt":{"rendered":"<p>F\u00f3rmula BR\u00ae For Cat Pure Senior\u00a0es un alimento completo para gatos de todas las razas, mayores de 7 a\u00f1os. Harina de pollo, harina de pescado (fuente natural de DHA), grasa de pollo (preservada con mezcla de tocoferoles, una mezcla de vitamina E), arroz cervecero, levadura de cerveza (saccharomyces cerevisiae), harina de avena, prote\u00edna de papa, [&hellip;]<\/p>\n","protected":false},"featured_media":10746,"comment_status":"open","ping_status":"closed","template":"","meta":{"_et_pb_use_builder":"","_et_pb_old_content":"","_et_gb_content_width":"","_joinchat":[]},"product_brand":[],"product_cat":[139],"product_tag":[],"class_list":{"0":"post-10742","1":"product","2":"type-product","3":"status-publish","4":"has-post-thumbnail","6":"product_cat-br-concentrados-gatos","8":"first","9":"instock","10":"shipping-taxable","11":"purchasable","12":"product-type-variable"},"_links":{"self":[{"href":"https:\/\/lamascoteriaonline.co\/shop\/wp-json\/wp\/v2\/product\/10742","targetHints":{"allow":["GET"]}}],"collection":[{"href":"https:\/\/lamascoteriaonline.co\/shop\/wp-json\/wp\/v2\/product"}],"about":[{"href":"https:\/\/lamascoteriaonline.co\/shop\/wp-json\/wp\/v2\/types\/product"}],"replies":[{"embeddable":true,"href":"https:\/\/lamascoteriaonline.co\/shop\/wp-json\/wp\/v2\/comments?post=10742"}],"wp:featuredmedia":[{"embeddable":true,"href":"https:\/\/lamascoteriaonline.co\/shop\/wp-json\/wp\/v2\/media\/10746"}],"wp:attachment":[{"href":"https:\/\/lamascoteriaonline.co\/shop\/wp-json\/wp\/v2\/media?parent=10742"}],"wp:term":[{"taxonomy":"product_brand","embeddable":true,"href":"https:\/\/lamascoteriaonline.co\/shop\/wp-json\/wp\/v2\/product_brand?post=10742"},{"taxonomy":"product_cat","embeddable":true,"href":"https:\/\/lamascoteriaonline.co\/shop\/wp-json\/wp\/v2\/product_cat?post=10742"},{"taxonomy":"product_tag","embeddable":true,"href":"https:\/\/lamascoteriaonline.co\/shop\/wp-json\/wp\/v2\/product_tag?post=10742"}],"curies":[{"name":"wp","href":"https:\/\/api.w.org\/{rel}","templated":true}]}}