{"id":10710,"date":"2024-06-01T21:49:08","date_gmt":"2024-06-01T21:49:08","guid":{"rendered":"https:\/\/lamascoteriaonline.co\/shop\/?post_type=product&#038;p=10710"},"modified":"2025-02-20T22:21:13","modified_gmt":"2025-02-20T22:21:13","slug":"br-for-cat-wild-kitten","status":"publish","type":"product","link":"https:\/\/lamascoteriaonline.co\/shop\/product\/br-for-cat-wild-kitten\/","title":{"rendered":"BR For Cat Wild Kitten"},"content":{"rendered":"<p><b>BR FOR CAT WILD KITTEN<\/b>, es un alimento completo para gatos cachorros de todas las razas, mantiene el sistema inmunol\u00f3gico saludable, piel y pelaje sano.<\/p>\n<p>Salm\u00f3n fresco (25%), Pollo deshidratado (25%), Grasa animal (pollo 14%), Guisantes verdes, Arvejas verdes, Prote\u00edna de pollo hidratado(7%), Batata, Pulpa de remolacha seca, Levadura de cerveza seca, Semillas de lino, Aceite de salm\u00f3n (1%), Achicoria seca (Una fuente natural de FOS (fructo-oligosac\u00e1ridos y Inulina), MOS (Mono-oligosac\u00e1ridos), Minerales, Br\u00f3coli seco, Espinacas secas, Ar\u00e1ndanos rojos secos, Ar\u00e1ndanos azules secos, Extractos de plantas (Rosmarinus sp., Vitis sp., C\u00farcuma sp., Citrus sp., Eugenia sp.).<\/p>\n<table class=\"table table-striped\">\n<tbody>\n<tr>\n<td>Prote\u00edna (m\u00ednimo)<\/td>\n<td>33%<\/td>\n<\/tr>\n<tr>\n<td>Grasa (m\u00ednimo)<\/td>\n<td>23%<\/td>\n<\/tr>\n<tr>\n<td>Fibra (m\u00e1ximo)<\/td>\n<td>3,0%<\/td>\n<\/tr>\n<tr>\n<td>Humedad (m\u00e1ximo)<\/td>\n<td>9,0%<\/td>\n<\/tr>\n<tr>\n<td>Calcio (m\u00ednimo)<\/td>\n<td>0,9%<\/td>\n<\/tr>\n<tr>\n<td>F\u00f3sforo (m\u00ednimo)<\/td>\n<td>0,5%<\/td>\n<\/tr>\n<tr>\n<td>Taurina<\/td>\n<td>1,800 mg<\/td>\n<\/tr>\n<tr>\n<td>L-carnitia<\/td>\n<td>50 mg<\/td>\n<\/tr>\n<tr>\n<td>Omega 6 \u00e1cidos grasos<\/td>\n<td>3,3%<\/td>\n<\/tr>\n<tr>\n<td>Omega 3 \u00e1cidos grasos<\/td>\n<td>1,1%<\/td>\n<\/tr>\n<tr>\n<td>Materia Inorg\u00e1nica<\/td>\n<td>8,0%<\/td>\n<\/tr>\n<\/tbody>\n<\/table>\n","protected":false},"excerpt":{"rendered":"<p>BR FOR CAT WILD KITTEN, es un alimento completo para gatos cachorros de todas las razas, mantiene el sistema inmunol\u00f3gico saludable, piel y pelaje sano. Salm\u00f3n fresco (25%), Pollo deshidratado (25%), Grasa animal (pollo 14%), Guisantes verdes, Arvejas verdes, Prote\u00edna de pollo hidratado(7%), Batata, Pulpa de remolacha seca, Levadura de cerveza seca, Semillas de lino, [&hellip;]<\/p>\n","protected":false},"featured_media":10713,"comment_status":"open","ping_status":"closed","template":"","meta":{"_et_pb_use_builder":"","_et_pb_old_content":"","_et_gb_content_width":"","_joinchat":[]},"product_brand":[],"product_cat":[139],"product_tag":[],"class_list":{"0":"post-10710","1":"product","2":"type-product","3":"status-publish","4":"has-post-thumbnail","6":"product_cat-br-concentrados-gatos","8":"first","9":"instock","10":"shipping-taxable","11":"purchasable","12":"product-type-variable"},"_links":{"self":[{"href":"https:\/\/lamascoteriaonline.co\/shop\/wp-json\/wp\/v2\/product\/10710","targetHints":{"allow":["GET"]}}],"collection":[{"href":"https:\/\/lamascoteriaonline.co\/shop\/wp-json\/wp\/v2\/product"}],"about":[{"href":"https:\/\/lamascoteriaonline.co\/shop\/wp-json\/wp\/v2\/types\/product"}],"replies":[{"embeddable":true,"href":"https:\/\/lamascoteriaonline.co\/shop\/wp-json\/wp\/v2\/comments?post=10710"}],"wp:featuredmedia":[{"embeddable":true,"href":"https:\/\/lamascoteriaonline.co\/shop\/wp-json\/wp\/v2\/media\/10713"}],"wp:attachment":[{"href":"https:\/\/lamascoteriaonline.co\/shop\/wp-json\/wp\/v2\/media?parent=10710"}],"wp:term":[{"taxonomy":"product_brand","embeddable":true,"href":"https:\/\/lamascoteriaonline.co\/shop\/wp-json\/wp\/v2\/product_brand?post=10710"},{"taxonomy":"product_cat","embeddable":true,"href":"https:\/\/lamascoteriaonline.co\/shop\/wp-json\/wp\/v2\/product_cat?post=10710"},{"taxonomy":"product_tag","embeddable":true,"href":"https:\/\/lamascoteriaonline.co\/shop\/wp-json\/wp\/v2\/product_tag?post=10710"}],"curies":[{"name":"wp","href":"https:\/\/api.w.org\/{rel}","templated":true}]}}