{"id":936,"date":"2018-10-26T21:19:17","date_gmt":"2018-10-26T21:19:17","guid":{"rendered":"http:\/\/lamascoteriaonline.co\/shop\/?page_id=936"},"modified":"2022-07-15T10:59:01","modified_gmt":"2022-07-15T10:59:01","slug":"alimento-humedo-para-gatos","status":"publish","type":"page","link":"https:\/\/lamascoteriaonline.co\/shop\/alimento-humedo-para-gatos\/","title":{"rendered":"Alimento h\u00famedo para gatos"},"content":{"rendered":"<p>[et_pb_section fb_built=&#8221;1&#8243; admin_label=&#8221;Products Section&#8221; _builder_version=&#8221;3.22&#8243; custom_padding=&#8221;10px|0px|120px|0px&#8221;][et_pb_row admin_label=&#8221;Products Row&#8221; _builder_version=&#8221;3.25&#8243; column_structure=&#8221;3_4,1_4&#8243;][et_pb_column type=&#8221;3_4&#8243; _builder_version=&#8221;3.25&#8243; custom_padding=&#8221;|||&#8221; custom_padding__hover=&#8221;|||&#8221;][et_pb_text _builder_version=&#8221;3.27.4&#8243; text_font=&#8221;Open Sans|600|||||||&#8221; text_font_size=&#8221;16px&#8221; text_line_height=&#8221;1.8em&#8221; header_font=&#8221;Baloo|||on|||||&#8221; header_font_size=&#8221;40px&#8221; header_letter_spacing=&#8221;5px&#8221; header_line_height=&#8221;1.4em&#8221; text_orientation=&#8221;center&#8221; max_width=&#8221;700px&#8221; module_alignment=&#8221;center&#8221; animation_style=&#8221;fade&#8221;]<\/p>\n<h1>Alimento h\u00famedo para gatos<\/h1>\n<p>[\/et_pb_text][et_pb_text _builder_version=&#8221;3.27.4&#8243; text_font=&#8221;Open Sans|600|||||||&#8221; text_font_size=&#8221;16px&#8221; text_line_height=&#8221;1.8em&#8221; header_2_font=&#8221;Baloo|||on|||||&#8221; header_2_font_size=&#8221;30px&#8221; header_2_letter_spacing=&#8221;3px&#8221; header_2_line_height=&#8221;1.4em&#8221; text_orientation=&#8221;center&#8221; max_width=&#8221;600px&#8221; module_alignment=&#8221;center&#8221; custom_margin=&#8221;40px|||&#8221; custom_margin_tablet=&#8221;0px|||&#8221; custom_margin_phone=&#8221;|||&#8221; custom_margin_last_edited=&#8221;on|phone&#8221; custom_padding=&#8221;0px|||&#8221;]<\/p>\n<h2>Hills<\/h2>\n<p><a href=\"https:\/\/lamascoteriaonline.co\/shop\/index.php\/hills-gatos-alimento-humedo\"><img loading=\"lazy\" decoding=\"async\" class=\"alignnone size-full wp-image-241\" src=\"https:\/\/lamascoteriaonline.co\/shop\/wp-content\/uploads\/2018\/09\/boton1-2.png\" alt=\"\" width=\"170\" height=\"50\" \/><\/a><br \/>\n[\/et_pb_text][et_pb_shop type=&#8221;product_category&#8221; posts_number=&#8221;4&#8243; include_categories=&#8221;84&#8243; columns_number=&#8221;4&#8243; orderby=&#8221;menu_order&#8221; icon_hover_color=&#8221;#000000&#8243; admin_label=&#8221;Products&#8221; _builder_version=&#8221;3.25.3&#8243; title_font=&#8221;Oswald|||on|||||&#8221; title_letter_spacing=&#8221;2px&#8221; title_line_height=&#8221;1.7em&#8221; price_font=&#8221;Open Sans|600|||||||&#8221; price_text_align=&#8221;center&#8221; price_line_height=&#8221;1.7em&#8221; text_orientation=&#8221;center&#8221;][\/et_pb_shop][et_pb_text _builder_version=&#8221;3.27.4&#8243; text_font=&#8221;Open Sans|600|||||||&#8221; text_font_size=&#8221;16px&#8221; text_line_height=&#8221;1.8em&#8221; header_2_font=&#8221;Baloo|||on|||||&#8221; header_2_font_size=&#8221;30px&#8221; header_2_letter_spacing=&#8221;3px&#8221; header_2_line_height=&#8221;1.4em&#8221; text_orientation=&#8221;center&#8221; max_width=&#8221;600px&#8221; module_alignment=&#8221;center&#8221; custom_margin=&#8221;40px|||&#8221; custom_margin_tablet=&#8221;0px|||&#8221; custom_margin_phone=&#8221;|||&#8221; custom_margin_last_edited=&#8221;on|phone&#8221; custom_padding=&#8221;0px|||&#8221;]<\/p>\n<h2>Whiskas<\/h2>\n<p><a href=\"https:\/\/lamascoteriaonline.co\/shop\/index.php\/whiskas\/\"><img loading=\"lazy\" decoding=\"async\" class=\"alignnone size-full wp-image-241\" src=\"https:\/\/lamascoteriaonline.co\/shop\/wp-content\/uploads\/2018\/09\/boton1-2.png\" alt=\"\" width=\"170\" height=\"50\" \/><\/a><br \/>\n[\/et_pb_text][et_pb_shop type=&#8221;product_category&#8221; posts_number=&#8221;4&#8243; include_categories=&#8221;50&#8243; columns_number=&#8221;4&#8243; orderby=&#8221;menu_order&#8221; icon_hover_color=&#8221;#000000&#8243; admin_label=&#8221;Products&#8221; _builder_version=&#8221;3.25.3&#8243; title_font=&#8221;Oswald|||on|||||&#8221; title_letter_spacing=&#8221;2px&#8221; title_line_height=&#8221;1.7em&#8221; price_font=&#8221;Open Sans|600|||||||&#8221; price_text_align=&#8221;center&#8221; price_line_height=&#8221;1.7em&#8221; text_orientation=&#8221;center&#8221;][\/et_pb_shop][et_pb_text _builder_version=&#8221;3.27.4&#8243; text_font=&#8221;Open Sans|600|||||||&#8221; text_font_size=&#8221;16px&#8221; text_line_height=&#8221;1.8em&#8221; header_2_font=&#8221;Baloo|||on|||||&#8221; header_2_font_size=&#8221;30px&#8221; header_2_letter_spacing=&#8221;3px&#8221; header_2_line_height=&#8221;1.4em&#8221; text_orientation=&#8221;center&#8221; max_width=&#8221;600px&#8221; module_alignment=&#8221;center&#8221; custom_margin=&#8221;40px|||&#8221; custom_margin_tablet=&#8221;0px|||&#8221; custom_margin_phone=&#8221;|||&#8221; custom_margin_last_edited=&#8221;on|phone&#8221; custom_padding=&#8221;0px|||&#8221;]<\/p>\n<h2>Felix<\/h2>\n<p><a href=\"https:\/\/lamascoteriaonline.co\/shop\/index.php\/felix-alimento-humedo\"><img loading=\"lazy\" decoding=\"async\" class=\"alignnone size-full wp-image-241\" src=\"https:\/\/lamascoteriaonline.co\/shop\/wp-content\/uploads\/2018\/09\/boton1-2.png\" alt=\"\" width=\"170\" height=\"50\" \/><\/a><br \/>\n[\/et_pb_text][et_pb_shop type=&#8221;product_category&#8221; posts_number=&#8221;4&#8243; include_categories=&#8221;79&#8243; columns_number=&#8221;4&#8243; orderby=&#8221;menu_order&#8221; icon_hover_color=&#8221;#000000&#8243; admin_label=&#8221;Products&#8221; _builder_version=&#8221;3.25.3&#8243; title_font=&#8221;Oswald|||on|||||&#8221; title_letter_spacing=&#8221;2px&#8221; title_line_height=&#8221;1.7em&#8221; price_font=&#8221;Open Sans|600|||||||&#8221; price_text_align=&#8221;center&#8221; price_line_height=&#8221;1.7em&#8221; text_orientation=&#8221;center&#8221;][\/et_pb_shop][et_pb_text _builder_version=&#8221;3.27.4&#8243; text_font=&#8221;Open Sans|600|||||||&#8221; text_font_size=&#8221;16px&#8221; text_line_height=&#8221;1.8em&#8221; header_2_font=&#8221;Baloo|||on|||||&#8221; header_2_font_size=&#8221;30px&#8221; header_2_letter_spacing=&#8221;3px&#8221; header_2_line_height=&#8221;1.4em&#8221; text_orientation=&#8221;center&#8221; max_width=&#8221;600px&#8221; module_alignment=&#8221;center&#8221; custom_margin=&#8221;40px|||&#8221; custom_margin_tablet=&#8221;0px|||&#8221; custom_margin_phone=&#8221;|||&#8221; custom_margin_last_edited=&#8221;on|phone&#8221; custom_padding=&#8221;0px|||&#8221;]<\/p>\n<h2>Fancy<\/h2>\n<p><a href=\"https:\/\/lamascoteriaonline.co\/shop\/index.php\/fancy\/\"><img loading=\"lazy\" decoding=\"async\" class=\"alignnone size-full wp-image-241\" src=\"https:\/\/lamascoteriaonline.co\/shop\/wp-content\/uploads\/2018\/09\/boton1-2.png\" alt=\"\" width=\"170\" height=\"50\" \/><\/a><br \/>\n[\/et_pb_text][et_pb_shop type=&#8221;product_category&#8221; posts_number=&#8221;4&#8243; include_categories=&#8221;78&#8243; columns_number=&#8221;4&#8243; orderby=&#8221;menu_order&#8221; icon_hover_color=&#8221;#000000&#8243; admin_label=&#8221;Products&#8221; _builder_version=&#8221;3.25.3&#8243; title_font=&#8221;Oswald|||on|||||&#8221; title_letter_spacing=&#8221;2px&#8221; title_line_height=&#8221;1.7em&#8221; price_font=&#8221;Open Sans|600|||||||&#8221; price_text_align=&#8221;center&#8221; price_line_height=&#8221;1.7em&#8221; text_orientation=&#8221;center&#8221;][\/et_pb_shop][et_pb_text _builder_version=&#8221;3.27.4&#8243; text_font=&#8221;Open Sans|600|||||||&#8221; text_font_size=&#8221;16px&#8221; text_line_height=&#8221;1.8em&#8221; header_2_font=&#8221;Baloo|||on|||||&#8221; header_2_font_size=&#8221;30px&#8221; header_2_letter_spacing=&#8221;3px&#8221; header_2_line_height=&#8221;1.4em&#8221; text_orientation=&#8221;center&#8221; max_width=&#8221;600px&#8221; module_alignment=&#8221;center&#8221; custom_margin=&#8221;40px|||&#8221; custom_margin_tablet=&#8221;0px|||&#8221; custom_margin_phone=&#8221;|||&#8221; custom_margin_last_edited=&#8221;on|phone&#8221; custom_padding=&#8221;0px|||&#8221;]<\/p>\n<h2>Taste of the Wild<\/h2>\n<p>&nbsp;<br \/>\n[\/et_pb_text][et_pb_shop type=&#8221;product_category&#8221; posts_number=&#8221;4&#8243; include_categories=&#8221;98&#8243; columns_number=&#8221;4&#8243; orderby=&#8221;menu_order&#8221; icon_hover_color=&#8221;#000000&#8243; admin_label=&#8221;Products&#8221; _builder_version=&#8221;3.25.3&#8243; title_font=&#8221;Oswald|||on|||||&#8221; title_letter_spacing=&#8221;2px&#8221; title_line_height=&#8221;1.7em&#8221; price_font=&#8221;Open Sans|600|||||||&#8221; price_text_align=&#8221;center&#8221; price_line_height=&#8221;1.7em&#8221; text_orientation=&#8221;center&#8221;][\/et_pb_shop][\/et_pb_column][et_pb_column type=&#8221;1_4&#8243; _builder_version=&#8221;3.25&#8243; custom_padding=&#8221;0px|||&#8221; custom_padding__hover=&#8221;|||&#8221;][et_pb_search exclude_pages=&#8221;off&#8221; show_button=&#8221;off&#8221; placeholder=&#8221;Buscar&#8221; _builder_version=&#8221;3.23&#8243; button_text_size__hover_enabled=&#8221;off&#8221; button_one_text_size__hover_enabled=&#8221;off&#8221; button_two_text_size__hover_enabled=&#8221;off&#8221; button_text_color__hover_enabled=&#8221;off&#8221; button_one_text_color__hover_enabled=&#8221;off&#8221; button_two_text_color__hover_enabled=&#8221;off&#8221; button_border_width__hover_enabled=&#8221;off&#8221; button_one_border_width__hover_enabled=&#8221;off&#8221; button_two_border_width__hover_enabled=&#8221;off&#8221; button_border_color__hover_enabled=&#8221;off&#8221; button_one_border_color__hover_enabled=&#8221;off&#8221; button_two_border_color__hover_enabled=&#8221;off&#8221; button_border_radius__hover_enabled=&#8221;off&#8221; button_one_border_radius__hover_enabled=&#8221;off&#8221; button_two_border_radius__hover_enabled=&#8221;off&#8221; button_letter_spacing__hover_enabled=&#8221;off&#8221; button_one_letter_spacing__hover_enabled=&#8221;off&#8221; button_two_letter_spacing__hover_enabled=&#8221;off&#8221; button_bg_color__hover_enabled=&#8221;off&#8221; button_one_bg_color__hover_enabled=&#8221;off&#8221; button_two_bg_color__hover_enabled=&#8221;off&#8221;][\/et_pb_search][et_pb_toggle title=&#8221;Tipos de alimento para gatos&#8221; open=&#8221;on&#8221; icon_color=&#8221;#058e8c&#8221; _builder_version=&#8221;3.12.1&#8243; saved_tabs=&#8221;all&#8221;]<\/p>\n<ul>\n<li><span style=\"color: #333333;\"><a style=\"color: #333333;\" href=\"https:\/\/lamascoteriaonline.co\/shop\/index.php\/alimento-seco-para-gatos\/\">Alimento seco<\/a><\/span><\/li>\n<li><span style=\"color: #333333;\"><a style=\"color: #333333;\" href=\"https:\/\/lamascoteriaonline.co\/shop\/index.php\/alimento-humedo-para-gatos\/\">Alimento H\u00famedo<\/a><\/span><\/li>\n<li><span style=\"color: #333333;\"><a style=\"color: #333333;\" href=\"https:\/\/lamascoteriaonline.co\/shop\/index.php\/cat-licious\/\">Snacks<\/a><\/span><\/li>\n<\/ul>\n<p>[\/et_pb_toggle][et_pb_toggle title=&#8221;Marcas&#8221; open=&#8221;on&#8221; icon_color=&#8221;#058e8c&#8221; _builder_version=&#8221;3.12.1&#8243; saved_tabs=&#8221;all&#8221;]<\/p>\n<ul>\n<li><a href=\"https:\/\/lamascoteriaonline.co\/shop\/index.php\/pro-plan-gatos\/\">Proplan<\/a><\/li>\n<li><a href=\"https:\/\/lamascoteriaonline.co\/shop\/index.php\/whiskas\/\">Whiskas<\/a><\/li>\n<li><a href=\"https:\/\/lamascoteriaonline.co\/shop\/index.php\/monello-gatos\/\">Monello<\/a><\/li>\n<li><a href=\"https:\/\/lamascoteriaonline.co\/shop\/index.php\/gatsy\/\">Gatsy<\/a><\/li>\n<li><a href=\"https:\/\/lamascoteriaonline.co\/shop\/index.php\/cat-chow\/\">Cat chow<\/a><\/li>\n<li><a href=\"https:\/\/lamascoteriaonline.co\/shop\/index.php\/felix-alimento-humedo\/\">Felix<\/a><\/li>\n<li><a href=\"https:\/\/lamascoteriaonline.co\/shop\/index.php\/hills-gatos\/\">Hills<\/a><\/li>\n<li><a href=\"https:\/\/lamascoteriaonline.co\/shop\/index.php\/equilibrio-gatos\/\">Equilibrio<\/a><\/li>\n<li><a href=\"https:\/\/lamascoteriaonline.co\/shop\/index.php\/nutranuggets-gatos\/\">Nutranuggets<\/a><\/li>\n<li><a href=\"https:\/\/lamascoteriaonline.co\/shop\/index.php\/max-cat\/\">Max Cat<\/a><\/li>\n<li><a href=\"https:\/\/lamascoteriaonline.co\/shop\/index.php\/fancy\/\">Fancy<\/a><\/li>\n<li><a href=\"https:\/\/lamascoteriaonline.co\/shop\/index.php\/royal-canin-gatos\">Royal Canin<\/a><\/li>\n<li><a href=\"https:\/\/lamascoteriaonline.co\/shop\/index.php\/cat-licious\/\">Cat Licious<\/a><\/li>\n<li><a href=\"https:\/\/lamascoteriaonline.co\/shop\/index.php\/otros\/\">Otras marcas<\/a><\/li>\n<\/ul>\n<p>[\/et_pb_toggle][et_pb_toggle title=&#8221;Accesorios&#8221; icon_color=&#8221;#058e8c&#8221; _builder_version=&#8221;3.12.1&#8243; saved_tabs=&#8221;all&#8221;]<\/p>\n<ul>\n<li><a href=\"https:\/\/lamascoteriaonline.co\/shop\/index.php\/coastal\">Coastal<\/a><\/li>\n<li><a href=\"https:\/\/lamascoteriaonline.co\/shop\/index.php\/kong\">Kong<\/a><\/li>\n<li><a href=\"https:\/\/lamascoteriaonline.co\/shop\/index.php\/petstages\">Petstages<\/a><\/li>\n<li><a href=\"https:\/\/lamascoteriaonline.co\/shop\/index.php\/hartz\/\">Hartz<\/a><\/li>\n<li><a href=\"https:\/\/lamascoteriaonline.co\/shop\/index.php\/rascals\">Rascals<\/a><\/li>\n<li><a href=\"https:\/\/lamascoteriaonline.co\/shop\/index.php\/lil-pals\/\">Lil Pals<\/a><\/li>\n<li><a href=\"https:\/\/lamascoteriaonline.co\/shop\/index.php\/safari\/\">Safari<\/a><\/li>\n<li><a href=\"https:\/\/lamascoteriaonline.co\/shop\/index.php\/loving-pets\">Loving pets<\/a><\/li>\n<li><a href=\"https:\/\/lamascoteriaonline.co\/shop\/index.php\/evolve\">Evolve<\/a><\/li>\n<\/ul>\n<p>[\/et_pb_toggle][et_pb_toggle title=&#8221;Cuidado e Higiene&#8221; icon_color=&#8221;#058e8c&#8221; _builder_version=&#8221;3.12.1&#8243; saved_tabs=&#8221;all&#8221;]<\/p>\n<ul>\n<li><a href=\"https:\/\/lamascoteriaonline.co\/shop\/index.php\/arena\">Arena<\/a><\/li>\n<\/ul>\n<p>[\/et_pb_toggle][et_pb_contact_form captcha=&#8221;off&#8221; email=&#8221;mauricio.moreno@lamascoteriaonline.co&#8221; title=&#8221;\u00bfNo encontraste lo que necesitabas? Escr\u00edbenos, te lo conseguimos&#8221; submit_button_text=&#8221;Enviar&#8221; _builder_version=&#8221;3.12.1&#8243; title_font_size=&#8221;17&#8243; custom_button=&#8221;on&#8221; button_text_size=&#8221;14&#8243;][et_pb_contact_field field_id=&#8221;Name&#8221; field_title=&#8221;Nombre&#8221; fullwidth_field=&#8221;on&#8221; _builder_version=&#8221;3.16&#8243; button_text_size__hover_enabled=&#8221;off&#8221; button_one_text_size__hover_enabled=&#8221;off&#8221; button_two_text_size__hover_enabled=&#8221;off&#8221; button_text_color__hover_enabled=&#8221;off&#8221; button_one_text_color__hover_enabled=&#8221;off&#8221; button_two_text_color__hover_enabled=&#8221;off&#8221; button_border_width__hover_enabled=&#8221;off&#8221; button_one_border_width__hover_enabled=&#8221;off&#8221; button_two_border_width__hover_enabled=&#8221;off&#8221; button_border_color__hover_enabled=&#8221;off&#8221; button_one_border_color__hover_enabled=&#8221;off&#8221; button_two_border_color__hover_enabled=&#8221;off&#8221; button_border_radius__hover_enabled=&#8221;off&#8221; button_one_border_radius__hover_enabled=&#8221;off&#8221; button_two_border_radius__hover_enabled=&#8221;off&#8221; button_letter_spacing__hover_enabled=&#8221;off&#8221; button_one_letter_spacing__hover_enabled=&#8221;off&#8221; button_two_letter_spacing__hover_enabled=&#8221;off&#8221; button_bg_color__hover_enabled=&#8221;off&#8221; button_one_bg_color__hover_enabled=&#8221;off&#8221; button_two_bg_color__hover_enabled=&#8221;off&#8221;][\/et_pb_contact_field][et_pb_contact_field field_id=&#8221;Email&#8221; field_title=&#8221;Email&#8221; field_type=&#8221;email&#8221; fullwidth_field=&#8221;on&#8221; _builder_version=&#8221;3.16&#8243; button_text_size__hover_enabled=&#8221;off&#8221; button_one_text_size__hover_enabled=&#8221;off&#8221; button_two_text_size__hover_enabled=&#8221;off&#8221; button_text_color__hover_enabled=&#8221;off&#8221; button_one_text_color__hover_enabled=&#8221;off&#8221; button_two_text_color__hover_enabled=&#8221;off&#8221; button_border_width__hover_enabled=&#8221;off&#8221; button_one_border_width__hover_enabled=&#8221;off&#8221; button_two_border_width__hover_enabled=&#8221;off&#8221; button_border_color__hover_enabled=&#8221;off&#8221; button_one_border_color__hover_enabled=&#8221;off&#8221; button_two_border_color__hover_enabled=&#8221;off&#8221; button_border_radius__hover_enabled=&#8221;off&#8221; button_one_border_radius__hover_enabled=&#8221;off&#8221; button_two_border_radius__hover_enabled=&#8221;off&#8221; button_letter_spacing__hover_enabled=&#8221;off&#8221; button_one_letter_spacing__hover_enabled=&#8221;off&#8221; button_two_letter_spacing__hover_enabled=&#8221;off&#8221; button_bg_color__hover_enabled=&#8221;off&#8221; button_one_bg_color__hover_enabled=&#8221;off&#8221; button_two_bg_color__hover_enabled=&#8221;off&#8221;][\/et_pb_contact_field][et_pb_contact_field field_id=&#8221;Message&#8221; field_title=&#8221;Mensaje&#8221; field_type=&#8221;text&#8221; fullwidth_field=&#8221;on&#8221; _builder_version=&#8221;3.16&#8243; button_text_size__hover_enabled=&#8221;off&#8221; button_one_text_size__hover_enabled=&#8221;off&#8221; button_two_text_size__hover_enabled=&#8221;off&#8221; button_text_color__hover_enabled=&#8221;off&#8221; button_one_text_color__hover_enabled=&#8221;off&#8221; button_two_text_color__hover_enabled=&#8221;off&#8221; button_border_width__hover_enabled=&#8221;off&#8221; button_one_border_width__hover_enabled=&#8221;off&#8221; button_two_border_width__hover_enabled=&#8221;off&#8221; button_border_color__hover_enabled=&#8221;off&#8221; button_one_border_color__hover_enabled=&#8221;off&#8221; button_two_border_color__hover_enabled=&#8221;off&#8221; button_border_radius__hover_enabled=&#8221;off&#8221; button_one_border_radius__hover_enabled=&#8221;off&#8221; button_two_border_radius__hover_enabled=&#8221;off&#8221; button_letter_spacing__hover_enabled=&#8221;off&#8221; button_one_letter_spacing__hover_enabled=&#8221;off&#8221; button_two_letter_spacing__hover_enabled=&#8221;off&#8221; button_bg_color__hover_enabled=&#8221;off&#8221; button_one_bg_color__hover_enabled=&#8221;off&#8221; button_two_bg_color__hover_enabled=&#8221;off&#8221;][\/et_pb_contact_field][\/et_pb_contact_form][\/et_pb_column][\/et_pb_row][\/et_pb_section][et_pb_section fb_built=&#8221;1&#8243; admin_label=&#8221;Footer Section&#8221; _builder_version=&#8221;3.22&#8243; background_color=&#8221;#182952&#8243; custom_padding=&#8221;101px|0px|101px|0px&#8221; saved_tabs=&#8221;all&#8221;][et_pb_row admin_label=&#8221;Footer Row&#8221; _builder_version=&#8221;3.25&#8243; column_structure=&#8221;1_4,1_4,1_4,1_4&#8243;][et_pb_column type=&#8221;1_4&#8243; _builder_version=&#8221;3.25&#8243; custom_padding=&#8221;|||&#8221; custom_padding__hover=&#8221;|||&#8221;][et_pb_image src=&#8221;https:\/\/lamascoteriaonline.co\/shop\/wp-content\/uploads\/2018\/09\/logo-1.png&#8221; align=&#8221;center&#8221; align_tablet=&#8221;center&#8221; align_last_edited=&#8221;on|desktop&#8221; admin_label=&#8221;logo&#8221; _builder_version=&#8221;3.23&#8243; custom_padding=&#8221;0px|||&#8221;][\/et_pb_image][\/et_pb_column][et_pb_column type=&#8221;1_4&#8243; _builder_version=&#8221;3.25&#8243; custom_padding=&#8221;|||&#8221; custom_padding__hover=&#8221;|||&#8221;][et_pb_text admin_label=&#8221;Links&#8221; _builder_version=&#8221;3.27.4&#8243; text_font=&#8221;Open Sans|600|||||||&#8221; text_text_color=&#8221;#ffffff&#8221; text_line_height=&#8221;1.4em&#8221; link_font=&#8221;Open Sans|600|||||||&#8221; link_text_color=&#8221;#ffffff&#8221; link_line_height=&#8221;2.5em&#8221; header_6_font=&#8221;Baloo|500||on|||||&#8221; header_6_text_color=&#8221;rgba(255,255,255,0.4)&#8221; header_6_font_size=&#8221;16px&#8221; header_6_letter_spacing=&#8221;2px&#8221; header_6_line_height=&#8221;1.7em&#8221; background_layout=&#8221;dark&#8221; module_alignment=&#8221;center&#8221; custom_margin=&#8221;|||&#8221; custom_margin_tablet=&#8221;0px|||&#8221; custom_margin_phone=&#8221;|||&#8221; custom_margin_last_edited=&#8221;off|desktop&#8221; text_line_height_last_edited=&#8221;off|desktop&#8221;]<\/p>\n<h6>T\u00e9rminos y condiciones<\/h6>\n<p><a href=\"https:\/\/lamascoteriaonline.co\/shop\/index.php\/terminos-y-politicas-de-privacidad\">T\u00e9rminos y pol\u00edticas de privacidad<\/a><\/p>\n<p>&nbsp;<\/p>\n<h6>Formas de pago<\/h6>\n<p><img loading=\"lazy\" decoding=\"async\" class=\"alignnone size-full wp-image-908\" src=\"https:\/\/lamascoteriaonline.co\/shop\/wp-content\/uploads\/2018\/10\/medios-pago.png\" alt=\"\" width=\"280\" height=\"30\" \/><br \/>\n[\/et_pb_text][\/et_pb_column][et_pb_column type=&#8221;1_4&#8243; _builder_version=&#8221;3.25&#8243; custom_padding=&#8221;|||&#8221; custom_padding__hover=&#8221;|||&#8221;][et_pb_text admin_label=&#8221;Links&#8221; _builder_version=&#8221;3.27.4&#8243; text_font=&#8221;Open Sans|600|||||||&#8221; text_text_color=&#8221;#ffffff&#8221; text_line_height=&#8221;1.4em&#8221; link_font=&#8221;Open Sans|600|||||||&#8221; link_text_color=&#8221;#ffffff&#8221; link_line_height=&#8221;2.5em&#8221; header_6_font=&#8221;Baloo|500||on|||||&#8221; header_6_text_color=&#8221;rgba(255,255,255,0.4)&#8221; header_6_font_size=&#8221;16px&#8221; header_6_letter_spacing=&#8221;2px&#8221; header_6_line_height=&#8221;1.7em&#8221; background_layout=&#8221;dark&#8221; module_alignment=&#8221;center&#8221; custom_margin=&#8221;|||&#8221; custom_margin_tablet=&#8221;0px|||&#8221; custom_margin_phone=&#8221;|||&#8221; custom_margin_last_edited=&#8221;off|desktop&#8221; text_line_height_last_edited=&#8221;off|desktop&#8221;]<\/p>\n<h6>Newsletter<\/h6>\n<p>Ingresa tu correo y recibe informaci\u00f3n acerca de nuestros lanzamientos, eventos especiales, descuentos y Trend Alerts.<br \/>\n[\/et_pb_text][et_pb_contact_form captcha=&#8221;off&#8221; email=&#8221;mauricio.moreno@lamascoteriaonline.co&#8221; submit_button_text=&#8221;Suscribirme&#8221; _builder_version=&#8221;3.12.1&#8243; custom_button=&#8221;on&#8221; button_text_size=&#8221;14&#8243; button_text_color=&#8221;#ffffff&#8221; button_bg_color=&#8221;#058e8c&#8221; button_border_width=&#8221;1&#8243; button_border_color=&#8221;#058e8c&#8221; button_icon_placement=&#8221;left&#8221;][et_pb_contact_field field_id=&#8221;Email&#8221; field_title=&#8221;Email&#8221; field_type=&#8221;email&#8221; fullwidth_field=&#8221;on&#8221; _builder_version=&#8221;3.16&#8243; button_text_size__hover_enabled=&#8221;off&#8221; button_one_text_size__hover_enabled=&#8221;off&#8221; button_two_text_size__hover_enabled=&#8221;off&#8221; button_text_color__hover_enabled=&#8221;off&#8221; button_one_text_color__hover_enabled=&#8221;off&#8221; button_two_text_color__hover_enabled=&#8221;off&#8221; button_border_width__hover_enabled=&#8221;off&#8221; button_one_border_width__hover_enabled=&#8221;off&#8221; button_two_border_width__hover_enabled=&#8221;off&#8221; button_border_color__hover_enabled=&#8221;off&#8221; button_one_border_color__hover_enabled=&#8221;off&#8221; button_two_border_color__hover_enabled=&#8221;off&#8221; button_border_radius__hover_enabled=&#8221;off&#8221; button_one_border_radius__hover_enabled=&#8221;off&#8221; button_two_border_radius__hover_enabled=&#8221;off&#8221; button_letter_spacing__hover_enabled=&#8221;off&#8221; button_one_letter_spacing__hover_enabled=&#8221;off&#8221; button_two_letter_spacing__hover_enabled=&#8221;off&#8221; button_bg_color__hover_enabled=&#8221;off&#8221; button_one_bg_color__hover_enabled=&#8221;off&#8221; button_two_bg_color__hover_enabled=&#8221;off&#8221;][\/et_pb_contact_field][\/et_pb_contact_form][\/et_pb_column][et_pb_column type=&#8221;1_4&#8243; _builder_version=&#8221;3.25&#8243; custom_padding=&#8221;|||&#8221; custom_padding__hover=&#8221;|||&#8221;][et_pb_text admin_label=&#8221;Links&#8221; _builder_version=&#8221;3.27.4&#8243; text_font=&#8221;Open Sans|600|||||||&#8221; text_text_color=&#8221;#ffffff&#8221; text_line_height=&#8221;1.4em&#8221; link_font=&#8221;Open Sans|600|||||||&#8221; link_text_color=&#8221;#ffffff&#8221; link_line_height=&#8221;2.5em&#8221; header_6_font=&#8221;Baloo|500||on|||||&#8221; header_6_text_color=&#8221;rgba(255,255,255,0.4)&#8221; header_6_font_size=&#8221;16px&#8221; header_6_letter_spacing=&#8221;2px&#8221; header_6_line_height=&#8221;1.7em&#8221; background_layout=&#8221;dark&#8221; module_alignment=&#8221;center&#8221; custom_margin=&#8221;|||&#8221; custom_margin_tablet=&#8221;0px|||&#8221; custom_margin_phone=&#8221;|||&#8221; custom_margin_last_edited=&#8221;off|desktop&#8221; text_line_height_last_edited=&#8221;off|desktop&#8221;]<\/p>\n<h6>Informaci\u00f3n<\/h6>\n<p>Whatsapp: (1) 300 8435588<\/p>\n<p>Bogot\u00e1, Colombia<br \/>\n[\/et_pb_text][\/et_pb_column][\/et_pb_row][\/et_pb_section]<\/p>\n","protected":false},"excerpt":{"rendered":"<p>Alimento h\u00famedo para gatos Hills Whiskas Felix Fancy Taste of the Wild &nbsp; Alimento seco Alimento H\u00famedo Snacks Proplan Whiskas Monello Gatsy Cat chow Felix Hills Equilibrio Nutranuggets Max Cat Fancy Royal Canin Cat Licious Otras marcas Coastal Kong Petstages Hartz Rascals Lil Pals Safari Loving pets Evolve Arena T\u00e9rminos y condiciones T\u00e9rminos y pol\u00edticas [&hellip;]<\/p>\n","protected":false},"author":264,"featured_media":0,"parent":0,"menu_order":0,"comment_status":"closed","ping_status":"closed","template":"","meta":{"_et_pb_use_builder":"on","_et_pb_old_content":"","_et_gb_content_width":"","_joinchat":[],"footnotes":""},"class_list":["post-936","page","type-page","status-publish","hentry"],"_links":{"self":[{"href":"https:\/\/lamascoteriaonline.co\/shop\/wp-json\/wp\/v2\/pages\/936","targetHints":{"allow":["GET"]}}],"collection":[{"href":"https:\/\/lamascoteriaonline.co\/shop\/wp-json\/wp\/v2\/pages"}],"about":[{"href":"https:\/\/lamascoteriaonline.co\/shop\/wp-json\/wp\/v2\/types\/page"}],"author":[{"embeddable":true,"href":"https:\/\/lamascoteriaonline.co\/shop\/wp-json\/wp\/v2\/users\/264"}],"replies":[{"embeddable":true,"href":"https:\/\/lamascoteriaonline.co\/shop\/wp-json\/wp\/v2\/comments?post=936"}],"version-history":[{"count":12,"href":"https:\/\/lamascoteriaonline.co\/shop\/wp-json\/wp\/v2\/pages\/936\/revisions"}],"predecessor-version":[{"id":9294,"href":"https:\/\/lamascoteriaonline.co\/shop\/wp-json\/wp\/v2\/pages\/936\/revisions\/9294"}],"wp:attachment":[{"href":"https:\/\/lamascoteriaonline.co\/shop\/wp-json\/wp\/v2\/media?parent=936"}],"curies":[{"name":"wp","href":"https:\/\/api.w.org\/{rel}","templated":true}]}}